11-11 13:03:58.314 15785 16065 E BufferQueueProducer: BQDUMP [10:0x734a0635b0] state=DEQUEUED 0x736a0754d0 frame=1190 [ 720x1280: 720,1000]
11-11 13:03:58.348 15785 16065 E BufferQueueProducer: BQDUMP [10:0x734a0635b0] state=DEQUEUED 0x736a0754d0 frame=1190 [ 720x1280: 720,1000]
11-11 13:03:58.383 15785 16065 E BufferQueueProducer: BQDUMP [10:0x734a0635b0] state=DEQUEUED 0x736a0754d0 frame=1190 [ 720x1280: 720,1000]
11-11 13:03:58.472 15785 16065 E BufferQueueProducer: BQDUMP [10:0x734a0635b0] state=DEQUEUED 0x736a0754d0 frame=1190 [ 720x1280: 720,1000]
11-11 13:03:58.506 15785 16065 E BufferQueueProducer: BQDUMP [10:0x734a0635b0] state=DEQUEUED 0x736a0754d0 frame=1190 [ 720x1280: 720,1000]
11-11 13:05:51.107 754 17868 E AudioALSAPlaybackHandlerNormal: open_audiodsp_preset() Preset file can't be opened
11-11 13:05:51.107 754 17868 E AudioALSAPlaybackHandlerNormal: open_audiodsp() Could not load the preset file, it might be sktv3 algo, return here.
11-11 13:05:51.107 754 17868 E AudioALSAPlaybackHandlerNormal: open() Could not open audioDSP lib
11-11 13:05:57.737 834 17543 I mtkpower_client: perf_lock_rel, hdl:182058, tid:17543
11-11 13:05:58.562 834 17544 I mtkpower_client: perf_lock_rel, hdl:182060, tid:17544
11-11 13:07:38.518 754 4696 E AudioALSAPlaybackHandlerNormal: open_audiodsp_preset() Preset file can't be opened
11-11 13:07:38.519 754 4696 E AudioALSAPlaybackHandlerNormal: open_audiodsp() Could not load the preset file, it might be sktv3 algo, return here.
11-11 13:07:38.519 754 4696 E AudioALSAPlaybackHandlerNormal: open() Could not open audioDSP lib
11-11 13:07:54.295 754 4696 E AudioALSAPlaybackHandlerNormal: open_audiodsp_preset() Preset file can't be opened
11-11 13:07:54.295 754 4696 E AudioALSAPlaybackHandlerNormal: open_audiodsp() Could not load the preset file, it might be sktv3 algo, return here.
11-11 13:07:54.295 754 4696 E AudioALSAPlaybackHandlerNormal: open() Could not open audioDSP lib
11-11 13:08:35.754 788 863 I libPowerHal: [perfLockAcq] idx:2 hdl:182282 hint:1159 pid:834 duration:150 lock_user:vperf@1.0-servi => ret_hdl:182282
11-11 13:08:35.754 834 834 I mtkpower_client: perf_lock_rel, hdl:182280, tid:834
11-11 13:09:46.754 476 476 E SELinux : avc: denied { find } for interface=vendor.vivo.hardware.vperf::IVPerf sid=u:r:untrusted_app_29:s0:c230,c256,c512,c768 pid=15785 scontext=u:r:untrusted_app_29:s0:c230,c256,c512,c768 tcontext=u:object_r:hal_vperf_hwservice:s0 tclass=hwservice_manager permissive=0
11-11 13:09:46.754 15785 15976 E ANDR-VIVO-PERF: IVPerf::tryGetService failed!
11-11 13:10:16.982 754 4696 E AudioALSAPlaybackHandlerNormal: open_audiodsp_preset() Preset file can't be opened
11-11 13:10:16.982 754 4696 E AudioALSAPlaybackHandlerNormal: open_audiodsp() Could not load the preset file, it might be sktv3 algo, return here.
11-11 13:10:16.982 754 4696 E AudioALSAPlaybackHandlerNormal: open() Could not open audioDSP lib
11-11 13:10:24.961 1678 1754 E system_server: No package ID ff found for ID 0xffffffff.
11-11 13:10:31.214 849 1209 D APM_AudioPolicyManager: startOutput() output 13, stream 1, session 27545
11-11 13:10:31.253 754 4696 E AudioALSAPlaybackHandlerNormal: open_audiodsp_preset() Preset file can't be opened
11-11 13:10:31.253 754 4696 E AudioALSAPlaybackHandlerNormal: open_audiodsp() Could not load the preset file, it might be sktv3 algo, return here.
11-11 13:10:31.254 754 4696 E AudioALSAPlaybackHandlerNormal: open() Could not open audioDSP lib
11-11 13:13:37.754 1486 1518 E VoLTE IMCB-CM: RECEIVE error code: EINTR, Need to retry #51
11-11 13:14:09.584 754 4696 E AudioALSAPlaybackHandlerNormal: open_audiodsp_preset() Preset file can't be opened
11-11 13:14:09.584 754 4696 E AudioALSAPlaybackHandlerNormal: open_audiodsp() Could not load the preset file, it might be sktv3 algo, return here.
11-11 13:14:09.584 754 4696 E AudioALSAPlaybackHandlerNormal: open() Could not open audioDSP lib
11-11 13:14:29.800 754 4696 E AudioALSAPlaybackHandlerNormal: open_audiodsp_preset() Preset file can't be opened
11-11 13:14:29.800 754 4696 E AudioALSAPlaybackHandlerNormal: open_audiodsp() Could not load the preset file, it might be sktv3 algo, return here.
11-11 13:14:29.800 754 4696 E AudioALSAPlaybackHandlerNormal: open() Could not open audioDSP lib
11-11 13:14:30.754 834 19209 I mtkpower_client: perf_lock_rel, hdl:182468, tid:19209
11-11 13:16:01.754 773 819 E power : ISystemSuspend::getService() failed.
11-11 13:16:10.754 773 819 E power : ISystemSuspend::getService() failed.
11-11 13:16:21.901 754 4696 E AudioALSAPlaybackHandlerNormal: open_audiodsp_preset() Preset file can't be opened
11-11 13:16:21.901 754 4696 E AudioALSAPlaybackHandlerNormal: open_audiodsp() Could not load the preset file, it might be sktv3 algo, return here.
11-11 13:16:21.901 754 4696 E AudioALSAPlaybackHandlerNormal: open() Could not open audioDSP lib
11-11 13:16:37.096 754 4696 E AudioALSAPlaybackHandlerNormal: open_audiodsp_preset() Preset file can't be opened
11-11 13:16:37.096 754 4696 E AudioALSAPlaybackHandlerNormal: open_audiodsp() Could not load the preset file, it might be sktv3 algo, return here.
11-11 13:16:37.096 754 4696 E AudioALSAPlaybackHandlerNormal: open() Could not open audioDSP lib
11-11 13:17:23.644 754 4696 E AudioALSAPlaybackHandlerNormal: open_audiodsp_preset() Preset file can't be opened
11-11 13:17:23.644 754 4696 E AudioALSAPlaybackHandlerNormal: open_audiodsp() Could not load the preset file, it might be sktv3 algo, return here.
11-11 13:17:23.644 754 4696 E AudioALSAPlaybackHandlerNormal: open() Could not open audioDSP lib
11-11 13:17:34.045 754 4696 E AudioALSAPlaybackHandlerNormal: open_audiodsp_preset() Preset file can't be opened
11-11 13:17:34.045 754 4696 E AudioALSAPlaybackHandlerNormal: open_audiodsp() Could not load the preset file, it might be sktv3 algo, return here.
11-11 13:17:34.045 754 4696 E AudioALSAPlaybackHandlerNormal: open() Could not open audioDSP lib
11-11 13:17:46.825 15785 15826 E SQLiteDatabase: Error inserting transferred=1 media_job_uuid=a5511380-828f-408d-9b6a-2787050f2b8d transcoded=0 gif_attribution=0 first_scan_length=4593 direct_path=/v/t62.7118-24/24909115_470842528476948_6707267975470165986_n.enc?ccb=11-4&oh=01_AdSEb43rQj2LA2VvIEfDUM3zYLuOZvHPTJbxczGyGGCqGg&oe=63957FC8 thumbnail_height_width_ratio=0.7 is_animated_sticker=0 file_hash=Tjpp9ZVz4Txyrny8jtlJyemfLj/NSetI+Ss7Pwih5jA= file_path=Media/.Statuses/7dc901f3f86244efba48a053c2fa9d6f.jpg file_size=42058 partial_media_hash=null face_x=0 face_y=0 height=500 trim_to=0 media_key_timestamp=1668152738000 message_url=https://mmg.whatsapp.net/d/f/Agrj1oFCgGERi1l4tVrT6Fa4a1NsbtDnISKPhEewbztX.enc media_caption=null trim_from=0 mime_type=image/jpeg partial_media_enc_hash=null width=720 original_file_hash=null has_streaming_sidecar=1 autotransfer_retry_enabled=1 message_row_id=44068 multicast_id=null enc_file_hash=7872ewbWs48Bcb1NjZRpUm84oM4vEzcRFCwXxlrRvZU= mute_video=0 page_count=0 first_scan_sidecar=[B@dbca20e suspicious_content=0 file_length=42058 media_name=null media_duration=0 chat_row_id=34 media_key=[B@785742f
11-11 13:18:09.174 15785 15826 E SQLiteDatabase: Error inserting transferred=0 media_job_uuid=4f30fd16-945e-4af4-b0c8-3ac531f8ee50 transcoded=0 gif_attribution=0 first_scan_length=0 direct_path=/v/t62.7161-24/40186613_5200567936716253_4527541344002246412_n.enc?ccb=11-4&oh=01_AdR2EDpoiajmw_AQlJcOiAApMeG6Zyt4ffM6UkohN8SfaQ&oe=63955587&_nc_hot=1668151429 thumbnail_height_width_ratio=1.8 is_animated_sticker=0 file_hash=rJI9j1FXrcyPSXiRndJ/0zCw6cCWD4E4nRtfJ4X0ajw= file_path=null file_size=0 partial_media_hash=null face_x=0 face_y=0 height=640 trim_to=0 media_key_timestamp=1668151338000 message_url=https://mmg.whatsapp.net/d/f/As-KAkXmaWsgFoNJ0cnhZVg5fcpRFZp7fEk5arMb14lZ.enc media_caption=null trim_from=0 mime_type=video/mp4 partial_media_enc_hash=null width=352 original_file_hash=null has_streaming_sidecar=1 autotransfer_retry_enabled=1 message_row_id=44005 multicast_id=null enc_file_hash=BScu+YlpzhM0rTGNJb557ef92cIYoQkFK4auIPDU7EE= mute_video=0 page_count=0 first_scan_sidecar=null suspicious_content=0 file_length=739760 media_name=null media_duration=6 chat_row_id=34 media_key=[B@fb0fa6d
11-11 13:19:04.186 834 19754 I mtkpower_client: perf_lock_rel, hdl:182692, tid:19754
11-11 13:19:43.291 754 17868 E AudioALSAPlaybackHandlerNormal: open_audiodsp_preset() Preset file can't be opened
11-11 13:19:43.291 754 17868 E AudioALSAPlaybackHandlerNormal: open_audiodsp() Could not load the preset file, it might be sktv3 algo, return here.
11-11 13:19:43.291 754 17868 E AudioALSAPlaybackHandlerNormal: open() Could not open audioDSP lib
11-11 13:20:08.917 754 4696 E AudioALSAPlaybackHandlerNormal: open_audiodsp_preset() Preset file can't be opened
11-11 13:20:08.917 754 4696 E AudioALSAPlaybackHandlerNormal: open_audiodsp() Could not load the preset file, it might be sktv3 algo, return here.
11-11 13:20:08.917 754 4696 E AudioALSAPlaybackHandlerNormal: open() Could not open audioDSP lib
11-11 13:25:13.754 869 869 E ccci_rpcd: Failed to read from RPC device (-1) !! errno = 4
11-11 13:28:53.316 754 4696 E AudioALSAPlaybackHandlerNormal: open_audiodsp_preset() Preset file can't be opened
11-11 13:28:53.316 754 4696 E AudioALSAPlaybackHandlerNormal: open_audiodsp() Could not load the preset file, it might be sktv3 algo, return here.
11-11 13:28:53.316 754 4696 E AudioALSAPlaybackHandlerNormal: open() Could not open audioDSP lib
11-11 13:28:54.703 788 863 I libPowerHal: [perfLockAcq] idx:1 hdl:182754 hint:1157 pid:834 duration:80 lock_user:vperf@1.0-servi => ret_hdl:182754
11-11 13:28:54.785 788 863 I mtkpower@impl: [powerd_req] TIMER_MSG_PERF_LOCK_TIMEOUT hdl:182754
11-11 13:28:54.785 788 863 I libPowerHal: [perfLockRel] hdl:182754, idx:1
11-11 13:28:54.803 834 20549 I mtkpower_client: perf_lock_rel, hdl:182754, tid:20549
11-11 13:28:54.804 788 863 I libPowerHal: [perfLockRel] hdl:182754, idx:-1
11-11 13:29:48.683 754 4696 E AudioALSAPlaybackHandlerNormal: open_audiodsp_preset() Preset file can't be opened
11-11 13:29:48.683 754 4696 E AudioALSAPlaybackHandlerNormal: open_audiodsp() Could not load the preset file, it might be sktv3 algo, return here.
11-11 13:29:48.684 754 4696 E AudioALSAPlaybackHandlerNormal: open() Could not open audioDSP lib
11-11 13:30:29.147 754 4696 E AudioALSAPlaybackHandlerNormal: open_audiodsp_preset() Preset file can't be opened
11-11 13:30:29.147 754 4696 E AudioALSAPlaybackHandlerNormal: open_audiodsp() Could not load the preset file, it might be sktv3 algo, return here.
11-11 13:30:29.147 754 4696 E AudioALSAPlaybackHandlerNormal: open() Could not open audioDSP lib
11-11 13:31:15.826 754 4696 E AudioALSAPlaybackHandlerNormal: open_audiodsp_preset() Preset file can't be opened
11-11 13:31:15.826 754 4696 E AudioALSAPlaybackHandlerNormal: open_audiodsp() Could not load the preset file, it might be sktv3 algo, return here.
11-11 13:31:15.826 754 4696 E AudioALSAPlaybackHandlerNormal: open() Could not open audioDSP lib
11-11 13:31:39.719 1678 1754 E system_server: No package ID ff found for ID 0xffffffff.
11-11 13:31:39.754 858 858 E ClientCache: failed to get buffer, could not retrieve buffer
11-11 13:31:42.727 754 17868 E AudioALSAPlaybackHandlerNormal: open_audiodsp_preset() Preset file can't be opened
11-11 13:31:42.727 754 17868 E AudioALSAPlaybackHandlerNormal: open_audiodsp() Could not load the preset file, it might be sktv3 algo, return here.
11-11 13:31:42.727 754 17868 E AudioALSAPlaybackHandlerNormal: open() Could not open audioDSP lib
11-11 13:32:37.663 754 17868 E AudioALSAPlaybackHandlerNormal: open_audiodsp_preset() Preset file can't be opened
11-11 13:32:37.664 754 17868 E AudioALSAPlaybackHandlerNormal: open_audiodsp() Could not load the preset file, it might be sktv3 algo, return here.
11-11 13:32:37.664 754 17868 E AudioALSAPlaybackHandlerNormal: open() Could not open audioDSP lib
11-11 13:32:59.082 754 17868 E AudioALSAPlaybackHandlerNormal: open_audiodsp_preset() Preset file can't be opened
11-11 13:32:59.083 754 17868 E AudioALSAPlaybackHandlerNormal: open_audiodsp() Could not load the preset file, it might be sktv3 algo, return here.
11-11 13:32:59.083 754 17868 E AudioALSAPlaybackHandlerNormal: open() Could not open audioDSP lib
11-11 13:33:12.543 754 17868 E AudioALSAPlaybackHandlerNormal: open_audiodsp_preset() Preset file can't be opened
11-11 13:33:12.543 754 17868 E AudioALSAPlaybackHandlerNormal: open_audiodsp() Could not load the preset file, it might be sktv3 algo, return here.
11-11 13:33:12.543 754 17868 E AudioALSAPlaybackHandlerNormal: open() Could not open audioDSP lib
11-11 13:33:25.097 754 17868 E AudioALSAPlaybackHandlerNormal: open_audiodsp_preset() Preset file can't be opened
11-11 13:33:25.097 754 17868 E AudioALSAPlaybackHandlerNormal: open_audiodsp() Could not load the preset file, it might be sktv3 algo, return here.
11-11 13:33:25.097 754 17868 E AudioALSAPlaybackHandlerNormal: open() Could not open audioDSP lib
11-11 13:33:44.946 754 17868 E AudioALSAPlaybackHandlerNormal: open_audiodsp_preset() Preset file can't be opened
11-11 13:33:44.946 754 17868 E AudioALSAPlaybackHandlerNormal: open_audiodsp() Could not load the preset file, it might be sktv3 algo, return here.
11-11 13:33:44.946 754 17868 E AudioALSAPlaybackHandlerNormal: open() Could not open audioDSP lib
11-11 13:34:02.923 754 17868 E AudioALSAPlaybackHandlerNormal: open_audiodsp_preset() Preset file can't be opened
11-11 13:34:02.923 754 17868 E AudioALSAPlaybackHandlerNormal: open_audiodsp() Could not load the preset file, it might be sktv3 algo, return here.
11-11 13:34:02.923 754 17868 E AudioALSAPlaybackHandlerNormal: open() Could not open audioDSP lib
11-11 13:34:08.182 754 17868 E AudioALSAPlaybackHandlerNormal: open_audiodsp_preset() Preset file can't be opened
11-11 13:34:08.182 754 17868 E AudioALSAPlaybackHandlerNormal: open_audiodsp() Could not load the preset file, it might be sktv3 algo, return here.
11-11 13:34:08.182 754 17868 E AudioALSAPlaybackHandlerNormal: open() Could not open audioDSP lib
11-11 13:34:13.463 754 856 E AudioALSAStreamOut: setVolume(), playbackhandler NULL, ret = -38
11-11 13:34:13.499 754 3171 E AudioALSAPlaybackHandlerNormal: open_audiodsp_preset() Preset file can't be opened
11-11 13:34:13.499 754 3171 E AudioALSAPlaybackHandlerNormal: open_audiodsp() Could not load the preset file, it might be sktv3 algo, return here.
11-11 13:34:13.499 754 3171 E AudioALSAPlaybackHandlerNormal: open() Could not open audioDSP lib
11-11 13:34:13.519 754 17868 E AudioALSAPlaybackHandlerNormal: open_audiodsp_preset() Preset file can't be opened
11-11 13:34:13.519 754 17868 E AudioALSAPlaybackHandlerNormal: open_audiodsp() Could not load the preset file, it might be sktv3 algo, return here.
11-11 13:34:13.519 754 17868 E AudioALSAPlaybackHandlerNormal: open() Could not open audioDSP lib
11-11 13:34:13.553 754 3171 E AudioALSAPlaybackHandlerBase: -getHardwareBufferInfo(), pcm_get_htimestamp fail, ret = -1, pcm_get_error = flag = 0x8000
11-11 13:34:13.564 754 3171 E AudioALSAPlaybackHandlerBase: -getHardwareBufferInfo(), pcm_get_htimestamp fail, ret = -1, pcm_get_error = flag = 0x8000
11-11 13:34:13.565 754 3171 E AudioALSAPlaybackHandlerBase: -getHardwareBufferInfo(), pcm_get_htimestamp fail, ret = -1, pcm_get_error = flag = 0x8000
11-11 13:34:13.576 754 3171 E AudioALSAPlaybackHandlerBase: -getHardwareBufferInfo(), pcm_get_htimestamp fail, ret = -1, pcm_get_error = flag = 0x8000
11-11 13:34:15.610 754 17868 E AudioALSAPlaybackHandlerNormal: open_audiodsp_preset() Preset file can't be opened
11-11 13:34:15.610 754 17868 E AudioALSAPlaybackHandlerNormal: open_audiodsp() Could not load the preset file, it might be sktv3 algo, return here.
11-11 13:34:15.610 754 17868 E AudioALSAPlaybackHandlerNormal: open() Could not open audioDSP lib
11-11 13:34:26.297 754 4696 E AudioALSAPlaybackHandlerNormal: open_audiodsp_preset() Preset file can't be opened
11-11 13:34:26.298 754 4696 E AudioALSAPlaybackHandlerNormal: open_audiodsp() Could not load the preset file, it might be sktv3 algo, return here.
11-11 13:34:26.298 754 4696 E AudioALSAPlaybackHandlerNormal: open() Could not open audioDSP lib
11-11 13:34:27.354 754 4696 E AudioALSAPlaybackHandlerBase: -getHardwareBufferInfo(), pcm_get_htimestamp fail, ret = -1, pcm_get_error = flag = 0x6
11-11 13:34:27.360 754 4696 E AudioALSAPlaybackHandlerBase: -getHardwareBufferInfo(), pcm_get_htimestamp fail, ret = -1, pcm_get_error = flag = 0x6
11-11 13:34:27.366 754 4696 E AudioALSAPlaybackHandlerBase: -getHardwareBufferInfo(), pcm_get_htimestamp fail, ret = -1, pcm_get_error = flag = 0x6
11-11 13:34:27.391 754 3171 E AudioALSAPlaybackHandlerNormal: open_audiodsp_preset() Preset file can't be opened
11-11 13:34:27.391 754 3171 E AudioALSAPlaybackHandlerNormal: open_audiodsp() Could not load the preset file, it might be sktv3 algo, return here.
11-11 13:34:27.391 754 3171 E AudioALSAPlaybackHandlerNormal: open() Could not open audioDSP lib
11-11 13:34:27.399 754 4696 E AudioALSAPlaybackHandlerNormal: open_audiodsp_preset() Preset file can't be opened
11-11 13:34:27.399 754 4696 E AudioALSAPlaybackHandlerNormal: open_audiodsp() Could not load the preset file, it might be sktv3 algo, return here.
11-11 13:34:27.399 754 4696 E AudioALSAPlaybackHandlerNormal: open() Could not open audioDSP lib
11-11 13:34:27.406 754 17868 E AudioALSAPlaybackHandlerNormal: open_audiodsp_preset() Preset file can't be opened
11-11 13:34:27.406 754 17868 E AudioALSAPlaybackHandlerNormal: open_audiodsp() Could not load the preset file, it might be sktv3 algo, return here.
11-11 13:34:27.406 754 17868 E AudioALSAPlaybackHandlerNormal: open() Could not open audioDSP lib
11-11 13:34:27.408 754 4696 E AudioALSAPlaybackHandlerBase: -getHardwareBufferInfo(), pcm_get_htimestamp fail, ret = -1, pcm_get_error = flag = 0x6
11-11 13:34:27.408 754 3171 E AudioALSAPlaybackHandlerBase: -getHardwareBufferInfo(), pcm_get_htimestamp fail, ret = -1, pcm_get_error = flag = 0x8000
11-11 13:34:27.410 754 3171 E AudioALSAPlaybackHandlerBase: -getHardwareBufferInfo(), pcm_get_htimestamp fail, ret = -1, pcm_get_error = flag = 0x8000
11-11 13:34:27.413 754 4696 E AudioALSAPlaybackHandlerBase: -getHardwareBufferInfo(), pcm_get_htimestamp fail, ret = -1, pcm_get_error = flag = 0x6
11-11 13:34:33.754 773 819 E _V_Situation: processEvent, handle:93, flush_action:0 data:2
11-11 13:34:33.754 773 819 E power : ISystemSuspend::getService() failed.
11-11 13:36:27.251 754 4696 E AudioALSAPlaybackHandlerNormal: open_audiodsp_preset() Preset file can't be opened
11-11 13:36:27.251 754 4696 E AudioALSAPlaybackHandlerNormal: open_audiodsp() Could not load the preset file, it might be sktv3 algo, return here.
11-11 13:36:27.251 754 4696 E AudioALSAPlaybackHandlerNormal: open() Could not open audioDSP lib
11-11 13:37:33.754 834 834 I mtkpower_client: perf_lock_rel, hdl:183002, tid:834
11-11 13:38:14.995 754 17868 E AudioALSAPlaybackHandlerNormal: open_audiodsp_preset() Preset file can't be opened
11-11 13:38:14.995 754 17868 E AudioALSAPlaybackHandlerNormal: open_audiodsp() Could not load the preset file, it might be sktv3 algo, return here.
11-11 13:38:14.995 754 17868 E AudioALSAPlaybackHandlerNormal: open() Could not open audioDSP lib
11-11 13:38:21.754 1221 1313 I mtkpower_client: perf_lock_rel, hdl:183040, tid:1313
11-11 13:38:22.228 20318 20362 E SQLiteDatabase: Error inserting transferred=1 media_job_uuid=a34b8885-21ef-460c-9124-b16673f7c500 transcoded=0 gif_attribution=0 first_scan_length=17197 direct_path=/v/t62.7118-24/27348667_3187818751528716_4719383754955408569_n.enc?ccb=11-4&oh=01_AdSFAH_yDBszOKZpT8zeYA42BoBHWrfSKtMSNJIMJ86BkQ&oe=63956410&_nc_hot=1668163090 thumbnail_height_width_ratio=1.3404255 is_animated_sticker=0 file_hash=JXOzvdbbJ5ldufvjHgw9eH62lj1QtLbpNdbaUWGgtiE= file_path=Media/GBWhatsApp Images/IMG-20221111-WA0026.jpg file_size=176225 partial_media_hash=LhwpM+QFHP2iDY7QVVVOyTU/x4ghxe/YH94L4GKerPI= face_x=0 face_y=0 height=1600 trim_to=0 media_key_timestamp=1668150719000 message_url=https://mmg.whatsapp.net/d/f/Ahc9CCh-LtxjppZLBZxkPN1mwW81MEkErEt6U42DPIi6.enc media_caption=null trim_from=0 mime_type=image/jpeg partial_media_enc_hash=null width=1200 original_file_hash=null has_streaming_sidecar=1 autotransfer_retry_enabled=1 message_row_id=44290 multicast_id=null enc_file_hash=2GGTcBItpbFKDwaQkMZ67/TLDFhGrqdh9bA1Sab2wss= mute_video=0 page_count=0 first_scan_sidecar=[B@16641b7 suspicious_content=0 file_length=176225 media_name=null media_duration=0 chat_row_id=13 media_key=[B@b19ed24
11-11 13:38:26.195 754 17868 E AudioALSAPlaybackHandlerNormal: open_audiodsp_preset() Preset file can't be opened
11-11 13:38:26.195 754 17868 E AudioALSAPlaybackHandlerNormal: open_audiodsp() Could not load the preset file, it might be sktv3 algo, return here.
11-11 13:38:26.195 754 17868 E AudioALSAPlaybackHandlerNormal: open() Could not open audioDSP lib
11-11 13:38:29.440 754 17868 E AudioALSAPlaybackHandlerNormal: open_audiodsp_preset() Preset file can't be opened
11-11 13:38:29.440 754 17868 E AudioALSAPlaybackHandlerNormal: open_audiodsp() Could not load the preset file, it might be sktv3 algo, return here.
11-11 13:38:29.440 754 17868 E AudioALSAPlaybackHandlerNormal: open() Could not open audioDSP lib
11-11 13:38:31.451 754 17868 E AudioALSAPlaybackHandlerNormal: open_audiodsp_preset() Preset file can't be opened
11-11 13:38:31.451 754 17868 E AudioALSAPlaybackHandlerNormal: open_audiodsp() Could not load the preset file, it might be sktv3 algo, return here.
11-11 13:38:31.451 754 17868 E AudioALSAPlaybackHandlerNormal: open() Could not open audioDSP lib
11-11 13:38:33.459 754 17868 E AudioALSAPlaybackHandlerNormal: open_audiodsp_preset() Preset file can't be opened
11-11 13:38:33.459 754 17868 E AudioALSAPlaybackHandlerNormal: open_audiodsp() Could not load the preset file, it might be sktv3 algo, return here.
11-11 13:38:33.459 754 17868 E AudioALSAPlaybackHandlerNormal: open() Could not open audioDSP lib
11-11 13:38:39.013 20318 21699 E BufferQueueProducer: BQDUMP [11:0x734a0b50f0] state=DEQUEUED 0x736a011fd0 frame=754 [ 248x
11-11 13:38:53.060 754 17868 E AudioALSAPlaybackHandlerNormal: open_audiodsp_preset() Preset file can't be opened
11-11 13:38:53.060 754 17868 E AudioALSAPlaybackHandlerNormal: open_audiodsp() Could not load the preset file, it might be sktv3 algo, return here.
11-11 13:38:53.060 754 17868 E AudioALSAPlaybackHandlerNormal: open() Could not open audioDSP lib
11-11 13:39:29.754 788 814 I mtkpower@impl: [setMode] type:5, enabled:1
11-11 13:39:29.754 788 863 I libPowerHal: [perfLockAcq] idx:3 hdl:183115 hint:11 pid:788 duration:30000 lock_user:mtkpower@1.0-se => ret_hdl:183115
11-11 13:39:38.674 754 2084 E BWC : open soc:interconnect mtk_mmqos_scen failed.:No such file or directory
11-11 13:39:38.674 754 2084 E BWC : open interconnect mtk_mmqos_scen failed.:No such file or directory
11-11 13:40:24.754 1678 1843 E SensorManager: sensor or listener is null
11-11 13:40:25.754 1678 2861 E SensorManager: sensor or listener is null
11-11 13:40:25.754 1678 23763 E _V_AudioFeatures: Application cannot support or Zenmode close
11-11 13:40:27.705 754 856 E BWC : open soc:interconnect mtk_mmqos_scen failed.:No such file or directory
11-11 13:40:27.705 754 856 E BWC : open interconnect mtk_mmqos_scen failed.:No such file or directory
11-11 13:40:27.751 754 3171 E AudioALSAPlaybackHandlerNormal: open_audiodsp_preset() Preset file can't be opened
11-11 13:40:27.751 754 3171 E AudioALSAPlaybackHandlerNormal: open_audiodsp() Could not load the preset file, it might be sktv3 algo, return here.
11-11 13:40:27.751 754 3171 E AudioALSAPlaybackHandlerNormal: open() Could not open audioDSP lib
11-11 13:40:27.791 754 3171 E AudioALSAPlaybackHandlerBase: -getHardwareBufferInfo(), pcm_get_htimestamp fail, ret = -1, pcm_get_error = flag = 0x8000
11-11 13:40:27.802 754 3171 E AudioALSAPlaybackHandlerBase: -getHardwareBufferInfo(), pcm_get_htimestamp fail, ret = -1, pcm_get_error = flag = 0x8000
11-11 13:40:27.803 754 3171 E AudioALSAPlaybackHandlerBase: -getHardwareBufferInfo(), pcm_get_htimestamp fail, ret = -1, pcm_get_error = flag = 0x8000
11-11 13:40:27.814 754 3171 E AudioALSAPlaybackHandlerBase: -getHardwareBufferInfo(), pcm_get_htimestamp fail, ret = -1, pcm_get_error = flag = 0x8000
11-11 13:41:24.107 754 4696 E AudioALSAPlaybackHandlerNormal: open_audiodsp_preset() Preset file can't be opened
11-11 13:41:24.107 754 4696 E AudioALSAPlaybackHandlerNormal: open_audiodsp() Could not load the preset file, it might be sktv3 algo, return here.
11-11 13:41:24.108 754 4696 E AudioALSAPlaybackHandlerNormal: open() Could not open audioDSP lib
11-11 13:41:24.754 1678 1843 I _V_Telecom: Telecom: PhoneAccountRegistrar: getSimCallManager: SimCallManager for subId 1 queried, returning: null
11-11 13:43:32.312 754 17868 E AudioALSAPlaybackHandlerNormal: open_audiodsp_preset() Preset file can't be opened
11-11 13:43:32.312 754 17868 E AudioALSAPlaybackHandlerNormal: open_audiodsp() Could not load the preset file, it might be sktv3 algo, return here.
11-11 13:43:32.312 754 17868 E AudioALSAPlaybackHandlerNormal: open() Could not open audioDSP lib
11-11 13:44:24.254 25095 25754 E _V_SensorManager: registerListenerImpl type:1 strType=android.sensor.accelerometer delay:200000 maxLatency:0 by: class com.facebook.ads.redexgen.X.96 num: 0
11-11 13:44:24.265 25095 25754 E _V_SensorManager: registerListenerImpl type:4 strType=android.sensor.gyroscope delay:200000 maxLatency:0 by: class com.facebook.ads.redexgen.X.97 num: 1
11-11 13:44:46.754 788 863 I libPowerHal: [perfLockAcq] idx:5 hdl:183271 hint:25 pid:788 duration:10000 lock_user:mtkpower@1.0-se => ret_hdl:183271
11-11 13:44:46.754 788 863 I libPowerHal: [PE] MTKPOWER_HINT_APP_TOUCH update cmd:3408600 param:1
11-11 13:45:02.754 788 863 I libPowerHal: [PE] MTKPOWER_HINT_APP_TOUCH update cmd:3408600 param:1
11-11 13:45:40.012 27545 27545 E cessService0:1: Not starting debugger since process cannot load the jdwp agent.
11-11 13:45:40.168 475 475 E SELinux : avc: denied { find } for pid=27545 uid=90018 name=content_capture scontext=u:r:isolated_app:s0:c512,c768 tcontext=u:object_r:content_capture_service:s0 tclass=service_manager permissive=0
11-11 13:45:40.265 788 863 I libPowerHal: [perfNotifyAppState] pack:com.android.chrome, act:com.android.chrome, state:3, pid:27545, uid:90018, fps:-1
11-11 13:45:40.265 788 863 I libPowerHal: [perfNotifyAppState] pack:com.android.chrome, pid:27545, STATE_DEAD
11-11 13:45:42.333 754 17868 E AudioALSAPlaybackHandlerNormal: open_audiodsp_preset() Preset file can't be opened
11-11 13:45:42.333 754 17868 E AudioALSAPlaybackHandlerNormal: open_audiodsp() Could not load the preset file, it might be sktv3 algo, return here.
11-11 13:45:42.333 754 17868 E AudioALSAPlaybackHandlerNormal: open() Could not open audioDSP lib
11-11 13:45:49.037 754 17868 E AudioALSAPlaybackHandlerNormal: open_audiodsp_preset() Preset file can't be opened
11-11 13:45:49.037 754 17868 E AudioALSAPlaybackHandlerNormal: open_audiodsp() Could not load the preset file, it might be sktv3 algo, return here.
11-11 13:45:49.037 754 17868 E AudioALSAPlaybackHandlerNormal: open() Could not open audioDSP lib
11-11 13:46:30.754 788 863 I mtkpower@impl: [powerd_req] TIMER_MSG_PERF_LOCK_TIMEOUT hdl:183358
11-11 13:46:30.754 788 863 I libPowerHal: [perfLockRel] hdl:183358, idx:3
11-11 13:48:27.573 754 4696 E AudioALSAPlaybackHandlerNormal: open_audiodsp_preset() Preset file can't be opened
11-11 13:48:27.573 754 4696 E AudioALSAPlaybackHandlerNormal: open_audiodsp() Could not load the preset file, it might be sktv3 algo, return here.
11-11 13:48:27.573 754 4696 E AudioALSAPlaybackHandlerNormal: open() Could not open audioDSP lib
11-11 13:49:21.754 869 869 E ccci_rpcd: Failed to read from RPC device (-1) !! errno = 4
11-11 13:50:00.077 754 4696 E AudioALSAPlaybackHandlerNormal: open_audiodsp_preset() Preset file can't be opened
11-11 13:50:00.077 754 4696 E AudioALSAPlaybackHandlerNormal: open_audiodsp() Could not load the preset file, it might be sktv3 algo, return here.
11-11 13:50:00.077 754 4696 E AudioALSAPlaybackHandlerNormal: open() Could not open audioDSP lib
11-11 13:50:36.243 754 4696 E AudioALSAPlaybackHandlerNormal: open_audiodsp_preset() Preset file can't be opened
11-11 13:50:36.243 754 4696 E AudioALSAPlaybackHandlerNormal: open_audiodsp() Could not load the preset file, it might be sktv3 algo, return here.
11-11 13:50:36.243 754 4696 E AudioALSAPlaybackHandlerNormal: open() Could not open audioDSP lib
11-11 13:50:47.754 834 28935 I mtkpower_client: perf_lock_rel, hdl:183489, tid:28935
11-11 13:52:32.734 754 17868 E AudioALSAPlaybackHandlerNormal: open_audiodsp_preset() Preset file can't be opened
11-11 13:52:32.734 754 17868 E AudioALSAPlaybackHandlerNormal: open_audiodsp() Could not load the preset file, it might be sktv3 algo, return here.
11-11 13:52:32.734 754 17868 E AudioALSAPlaybackHandlerNormal: open() Could not open audioDSP lib
11-11 13:53:30.457 754 4696 E AudioALSAPlaybackHandlerNormal: open_audiodsp_preset() Preset file can't be opened
11-11 13:53:30.458 754 4696 E AudioALSAPlaybackHandlerNormal: open_audiodsp() Could not load the preset file, it might be sktv3 algo, return here.
11-11 13:53:30.458 754 4696 E AudioALSAPlaybackHandlerNormal: open() Could not open audioDSP lib
11-11 14:04:03.931 754 4696 E AudioALSAPlaybackHandlerNormal: open_audiodsp_preset() Preset file can't be opened
11-11 14:04:03.931 754 4696 E AudioALSAPlaybackHandlerNormal: open_audiodsp() Could not load the preset file, it might be sktv3 algo, return here.
11-11 14:04:03.931 754 4696 E AudioALSAPlaybackHandlerNormal: open() Could not open audioDSP lib
11-11 14:05:13.276 754 4696 E AudioALSAPlaybackHandlerNormal: open_audiodsp_preset() Preset file can't be opened
11-11 14:05:13.276 754 4696 E AudioALSAPlaybackHandlerNormal: open_audiodsp() Could not load the preset file, it might be sktv3 algo, return here.
11-11 14:05:13.276 754 4696 E AudioALSAPlaybackHandlerNormal: open() Could not open audioDSP lib
11-11 14:10:57.754 1678 2044 E _V_VivoSmartWifiConstants: isVivoBrowserSupportCaptivePortal error:android.content.pm.PackageManager$NameNotFoundException: com.vivo.browser
11-11 14:16:22.754 1486 1518 E VoLTE IMCB-CM: RECEIVE error code: EINTR, Need to retry #51
11-11 14:18:55.754 1678 1795 E system_server: Cannot read thread CPU times for PID 1678
11-11 14:18:55.825 754 4696 E AudioALSAPlaybackHandlerNormal: open_audiodsp_preset() Preset file can't be opened
11-11 14:18:55.825 754 4696 E AudioALSAPlaybackHandlerNormal: open_audiodsp() Could not load the preset file, it might be sktv3 algo, return here.
11-11 14:18:55.825 754 4696 E AudioALSAPlaybackHandlerNormal: open() Could not open audioDSP lib
11-11 14:19:05.754 1678 1678 E _V_SensorManager: registerListenerImpl type:1 strType=android.sensor.accelerometer delay:1000000 maxLatency:0 by: class com.android.server.display.color.VivoLcmEsd$2 num: 4
11-11 14:19:10.769 754 17868 E AudioALSAPlaybackHandlerNormal: open_audiodsp_preset() Preset file can't be opened
11-11 14:19:10.769 754 17868 E AudioALSAPlaybackHandlerNormal: open_audiodsp() Could not load the preset file, it might be sktv3 algo, return here.
11-11 14:19:10.769 754 17868 E AudioALSAPlaybackHandlerNormal: open() Could not open audioDSP lib
11-11 14:19:24.365 773 819 E android.hardware.sensors@2.0-service.multihal-mediatek: MEMSIC SetGyroData 0.208272 -0.104151 -0.124707 ts 519093187546603
11-11 14:20:08.722 773 819 E android.hardware.sensors@2.0-service.multihal-mediatek: MEMSIC magcal_gauss = -29.433697 21.304331 13.002225, mag offset = -140.085611 -85.443280 -88.201372 accu 3 ts 519137544603483
11-11 14:20:21.068 754 17868 E AudioALSAPlaybackHandlerNormal: open_audiodsp_preset() Preset file can't be opened
11-11 14:20:21.068 754 17868 E AudioALSAPlaybackHandlerNormal: open_audiodsp() Could not load the preset file, it might be sktv3 algo, return here.
11-11 14:20:21.068 754 17868 E AudioALSAPlaybackHandlerNormal: open() Could not open audioDSP lib
11-11 14:20:43.378 773 819 E android.hardware.sensors@2.0-service.multihal-mediatek: MEMSIC SetAccData 0.683000 5.008000 9.988000 ts 519172200167549
11-11 14:20:47.932 773 819 E android.hardware.sensors@2.0-service.multihal-mediatek: MEMSIC magcal_gauss = -13.940301 38.533171 -0.908965, mag offset = -140.085611 -85.443280 -88.201372 accu 3 ts 519176754601077
11-11 14:20:54.754 1678 1678 E _V_SensorManager: registerListenerImpl type:1 strType=android.sensor.accelerometer delay:1000000 maxLatency:0 by: class com.android.server.display.color.VivoLcmEsd$2 num: 4
11-11 14:21:05.510 773 819 E android.hardware.sensors@2.0-service.multihal-mediatek: MEMSIC SetGyroData 0.133847 -0.454401 0.121346 ts 519194331667545
11-11 14:21:37.779 754 17868 E AudioALSAPlaybackHandlerNormal: open_audiodsp_preset() Preset file can't be opened
11-11 14:21:37.779 754 17868 E AudioALSAPlaybackHandlerNormal: open_audiodsp() Could not load the preset file, it might be sktv3 algo, return here.
11-11 14:21:37.779 754 17868 E AudioALSAPlaybackHandlerNormal: open() Could not open audioDSP lib
11-11 14:22:26.625 773 819 E android.hardware.sensors@2.0-service.multihal-mediatek: MEMSIC SetGyroData -0.520369 0.191992 0.281159 ts 519275447162239
11-11 14:22:39.754 2319 3099 E BufferQueueProducer: BQDUMP- BufferQueue mMaxAcquiredBufferCount=2 mMaxDequeuedBufferCount=32
11-11 14:22:39.754 2319 3099 E BufferQueueProducer: BQDUMP mDequeueBufferCannotBlock=0 mAsyncMode=0
11-11 14:22:39.754 2319 3099 E BufferQueueProducer: BQDUMP mQueueBufferCanDrop=0 mLegacyBufferDrop=1
11-11 14:22:39.754 2319 3099 E BufferQueueProducer: BQDUMP default-size=[480x640] default-format=4 BQDUMP transform-hint=00 frame-counter=4808
11-11 14:22:39.754 2319 3099 E BufferQueueProducer: BQDUMP mTransformHintInUse=00 mAutoPrerotation=0
11-11 14:22:39.754 2319 3099 E BufferQueueProducer: BQDUMPFIFO(0):
11-11 14:22:39.754 2319 3099 E BufferQueueProducer: BQDUMP(mConsumerName=SurfaceView[com.google.android.youtube/com.google.android.apps.youtube.app.watchwhile.WatchWhileActivity]#1(BLAST Consumer)1, mConnectedApi=3, mConsumerUsageBits=2304, mId=90f00000001, producer=[2319:com.google.android.youtube], consumer=[2319:com.google.android.youtube])
11-11 14:22:39.754 2319 3099 E BufferQueueProducer: BQDUMPSlots:
11-11 14:22:39.754 2319 3099 E BufferQueueProducer: BQDUMP [00:0xb40000734a035290] state=DEQUEUED 0xb40000736a042a90 frame=4782 [ 480x 640: 480,7F000001]
11-11 14:22:39.754 2319 3099 E BufferQueueProducer: BQDUMP [01:0xb40000734a01e730] state=DEQUEUED 0xb40000736a020350 frame=4804 [ 480x 640: 480,7F000001]
11-11 14:22:39.754 2319 3099 E BufferQueueProducer: BQDUMP [02:0xb40000734a029470] state=DEQUEUED 0xb40000736a03d690 frame=4795 [ 480x 640: 480,7F000001]
11-11 14:22:39.754 2319 3099 E BufferQueueProducer: BQDUMP [03:0xb40000734a026410] state=DEQUEUED 0xb40000736a00a010 frame=4790
11-11 14:22:39.754 2319 3099 E BufferQueueProducer: Slots:
11-11 14:22:39.754 2319 3099 E BufferQueueProducer: BQDUMP [00:0xb40000734a035290] state=DEQUEUED 0xb40000736a042a90 frame=4782 [ 480x 640: 480,7F000001]
11-11 14:22:39.754 2319 3099 E BufferQueueProducer: BQDUMP [01:0xb40000734a01e730] state=DEQUEUED 0xb40000736a020350 frame=4804 [ 480x 640: 480,7F000001]
11-11 14:22:39.754 2319 3099 E BufferQueueProducer: BQDUMP [02:0xb40000734a029470] state=DEQUEUED 0xb40000736a03d690 frame=4795 [ 480x 640: 480,7F000001]
11-11 14:22:39.754 2319 3099 E BufferQueueProducer: BQDUMP [03:0xb40000734a026410] state=DEQUEUED 0xb40000736a00a010 frame=4790 [ 480x 640: 480,7F000001]
11-11 14:22:39.754 2319 3099 E BufferQueueProducer: BQDUMP [04:0xb400007349fe95d0] state=DEQUEUED 0xb40000736a00bdd0 frame=4801 [ 480x 640: 480,7F000001]
11-11 14:22:39.754 2319 3099 E BufferQueueProducer: BQDUMP [05:0xb40000734a0302b0] state=DEQUEUED 0xb40000736a054d10 frame=4794 [ 480x 640: 480,7F000001]
11-11 14:22:39.754 2319 3099 E BufferQueueProducer: BQDUMP >[06:0xb40000734a036250] state=ACQUIRED 0xb40000736a051510 frame=4806 [ 480x 640: 480,7F000001]
11-11 14:22:39.754 2319 3099 E BufferQueueProducer: BQDUMP [07:0xb40000734a004ff0] state=DEQUEUED 0xb40000736a056c90 frame=4805 [ 480x 640: 480,7F000001]
11-11 14:22:39.754 2319 3099 E BufferQueueProducer: BQDUMP >[08:0xb40000734a023ef0] state=ACQUIRED 0xb40000736a055e90 frame=4807 [ 480x 640: 480,7F000001]
11-11 14:22:39.754 2319 3099 E BufferQueueProducer: BQDUMP [09:0xb40000734a0235f0] state=DEQUEUED 0xb40000736a014d50 frame=4777 [ 480x 640:
11-11 14:23:00.754 2319 3099 E BufferQueueProducer: [SurfaceView[com.google.android.youtube/com.google.android.apps.youtube.app.watchwhile.WatchWhileActivity]#1(BLAST Consumer)1](id:90f00000001,api:3,p:2319,c:2319) waitForFreeSlotThenRelock TIMED_OUT 0
11-11 14:23:18.705 754 17868 E AudioALSAPlaybackHandlerNormal: open_audiodsp_preset() Preset file can't be opened
11-11 14:23:18.705 754 17868 E AudioALSAPlaybackHandlerNormal: open_audiodsp() Could not load the preset file, it might be sktv3 algo, return here.
11-11 14:23:18.705 754 17868 E AudioALSAPlaybackHandlerNormal: open() Could not open audioDSP lib
11-11 14:23:27.612 773 819 E android.hardware.sensors@2.0-service.multihal-mediatek: MEMSIC SetAccData -1.114000 4.122000 6.835000 ts 519336434627540
11-11 14:23:31.737 754 4696 E AudioALSAPlaybackHandlerNormal: open_audiodsp_preset() Preset file can't be opened
11-11 14:23:31.738 754 4696 E AudioALSAPlaybackHandlerNormal: open_audiodsp() Could not load the preset file, it might be sktv3 algo, return here.
11-11 14:23:31.738 754 4696 E AudioALSAPlaybackHandlerNormal: open() Could not open audioDSP lib
11-11 14:25:49.754 773 819 E power : ISystemSuspend::getService() failed.
11-11 14:25:50.613 754 4696 E AudioALSAPlaybackHandlerNormal: open_audiodsp_preset() Preset file can't be opened
11-11 14:25:50.613 754 4696 E AudioALSAPlaybackHandlerNormal: open_audiodsp() Could not load the preset file, it might be sktv3 algo, return here.
11-11 14:25:50.613 754 4696 E AudioALSAPlaybackHandlerNormal: open() Could not open audioDSP lib
11-11 14:25:51.449 834 3754 I mtkpower_client: perf_lock_rel, hdl:183748, tid:3754
11-11 14:25:52.977 788 863 I libPowerHal: [perfLockAcq] idx:3 hdl:183754 hint:1159 pid:834 duration:225 lock_user:vperf@1.0-servi => ret_hdl:183754
11-11 14:25:53.202 788 863 I mtkpower@impl: [powerd_req] TIMER_MSG_PERF_LOCK_TIMEOUT hdl:183754
11-11 14:25:53.203 788 863 I libPowerHal: [perfLockRel] hdl:183754, idx:3
11-11 14:25:53.222 834 4078 I mtkpower_client: perf_lock_rel, hdl:183754, tid:4078
11-11 14:25:53.223 788 863 I libPowerHal: [perfLockRel] hdl:183754, idx:-1
11-11 14:26:04.382 754 856 E BWC : open soc:interconnect mtk_mmqos_scen failed.:No such file or directory
11-11 14:26:04.384 754 856 E BWC : open interconnect mtk_mmqos_scen failed.:No such file or directory
11-11 14:26:07.983 1678 1754 E SensorManager: sensor or listener is null
11-11 14:26:08.754 773 819 E power : ISystemSuspend::getService() failed.
11-11 14:26:11.754 2985 2985 E _V_ScreenOffTasksScheduler: cancel
11-11 14:26:14.803 754 10742 E BWC : open soc:interconnect mtk_mmqos_scen failed.:No such file or directory
11-11 14:26:14.804 754 10742 E BWC : open interconnect mtk_mmqos_scen failed.:No such file or directory
11-11 14:26:14.842 754 3171 E AudioALSAPlaybackHandlerNormal: open_audiodsp_preset() Preset file can't be opened
11-11 14:26:14.842 754 3171 E AudioALSAPlaybackHandlerNormal: open_audiodsp() Could not load the preset file, it might be sktv3 algo, return here.
11-11 14:26:14.842 754 3171 E AudioALSAPlaybackHandlerNormal: open() Could not open audioDSP lib
11-11 14:26:14.898 754 3171 E AudioALSAPlaybackHandlerBase: -getHardwareBufferInfo(), pcm_get_htimestamp fail, ret = -1, pcm_get_error = flag = 0x8000
11-11 14:26:14.899 754 3171 E AudioALSAPlaybackHandlerBase: -getHardwareBufferInfo(), pcm_get_htimestamp fail, ret = -1, pcm_get_error = flag = 0x8000
11-11 14:26:14.900 754 3171 E AudioALSAPlaybackHandlerBase: -getHardwareBufferInfo(), pcm_get_htimestamp fail, ret = -1, pcm_get_error = flag = 0x8000
11-11 14:26:14.911 754 3171 E AudioALSAPlaybackHandlerBase: -getHardwareBufferInfo(), pcm_get_htimestamp fail, ret = -1, pcm_get_error = flag = 0x8000
11-11 14:26:17.477 754 10742 E BWC : open soc:interconnect mtk_mmqos_scen failed.:No such file or directory
11-11 14:26:17.477 754 10742 E BWC : open interconnect mtk_mmqos_scen failed.:No such file or directory
11-11 14:26:25.576 754 856 E BWC : open soc:interconnect mtk_mmqos_scen failed.:No such file or directory
11-11 14:26:25.576 754 856 E BWC : open interconnect mtk_mmqos_scen failed.:No such file or directory
11-11 14:26:25.621 754 3171 E AudioALSAPlaybackHandlerNormal: open_audiodsp_preset() Preset file can't be opened
11-11 14:26:25.621 754 3171 E AudioALSAPlaybackHandlerNormal: open_audiodsp() Could not load the preset file, it might be sktv3 algo, return here.
11-11 14:26:25.621 754 3171 E AudioALSAPlaybackHandlerNormal: open() Could not open audioDSP lib
11-11 14:26:25.719 754 3171 E AudioALSAPlaybackHandlerBase: -getHardwareBufferInfo(), pcm_get_htimestamp fail, ret = -1, pcm_get_error = flag = 0x8000
11-11 14:26:25.730 754 3171 E AudioALSAPlaybackHandlerBase: -getHardwareBufferInfo(), pcm_get_htimestamp fail, ret = -1, pcm_get_error = flag = 0x8000
11-11 14:26:25.734 754 3171 E AudioALSAPlaybackHandlerBase: -getHardwareBufferInfo(), pcm_get_htimestamp fail, ret = -1, pcm_get_error = flag = 0x8000
11-11 14:26:25.749 754 3171 E AudioALSAPlaybackHandlerBase: -getHardwareBufferInfo(), pcm_get_htimestamp fail, ret = -1, pcm_get_error = flag = 0x8000
11-11 14:26:25.754 474 474 E lowmemorykiller: control data socket write failed; errno=9
11-11 14:26:26.918 754 4696 E AudioALSAPlaybackHandlerNormal: open_audiodsp_preset() Preset file can't be opened
11-11 14:26:26.918 754 4696 E AudioALSAPlaybackHandlerNormal: open_audiodsp() Could not load the preset file, it might be sktv3 algo, return here.
11-11 14:26:26.918 754 4696 E AudioALSAPlaybackHandlerNormal: open() Could not open audioDSP lib
11-11 14:27:14.754 5368 5368 E A : (REDACTED) disposing SearchServiceClient after timeout %s
11-11 14:28:04.754 537 12696 E android.system.suspend@1.0-service: Error opening kernel wakelock stats for: wakeup1: Permission denied
11-11 14:28:04.754 537 12696 E android.system.suspend@1.0-service: Error opening kernel wakelock stats for: wakeup15: Permission denied
11-11 14:28:04.936 754 4696 E AudioALSAPlaybackHandlerNormal: open_audiodsp_preset() Preset file can't be opened
11-11 14:28:04.936 754 4696 E AudioALSAPlaybackHandlerNormal: open_audiodsp() Could not load the preset file, it might be sktv3 algo, return here.
11-11 14:28:04.936 754 4696 E AudioALSAPlaybackHandlerNormal: open() Could not open audioDSP lib
11-11 14:28:53.754 2985 3007 E _V_ObjectFactory: create IntArrayStringArrayArgs fail.
11-11 14:28:53.754 2985 3007 E _V_rms : undef process event 13
11-11 14:29:24.905 754 17868 E AudioALSAPlaybackHandlerNormal: open_audiodsp_preset() Preset file can't be opened
11-11 14:29:24.905 754 17868 E AudioALSAPlaybackHandlerNormal: open_audiodsp() Could not load the preset file, it might be sktv3 algo, return here.
11-11 14:29:24.905 754 17868 E AudioALSAPlaybackHandlerNormal: open() Could not open audioDSP lib
11-11 14:30:31.754 788 863 I libPowerHal: [perfLockAcq] idx:2 hdl:183975 hint:1173 pid:834 duration:0 lock_user:vperf@1.0-servi => ret_hdl:183975
11-11 14:30:45.379 754 17868 E AudioALSAPlaybackHandlerNormal: open_audiodsp_preset() Preset file can't be opened
11-11 14:30:45.379 754 17868 E AudioALSAPlaybackHandlerNormal: open_audiodsp() Could not load the preset file, it might be sktv3 algo, return here.
11-11 14:30:45.379 754 17868 E AudioALSAPlaybackHandlerNormal: open() Could not open audioDSP lib
11-11 14:31:15.524 6064 6416 E BufferQueueProducer: BQDUMP default-size=[1080x608] default-format=1 BQDUMP transform-hint=00 frame-counter=754
11-11 14:31:15.815 1678 1754 D WindowManager: canReceiveKeys: false.
11-11 14:31:15.815 1678 1754 D WindowManager: canReceiveKeys: false.
11-11 14:31:15.816 1678 1754 D WindowManager: canReceiveKeys: false.
11-11 14:31:15.816 1678 1754 D WindowManager: canReceiveKeys: false.
11-11 14:31:15.816 1678 1754 D WindowManager: canReceiveKeys: false.
11-11 14:31:15.816 1678 1754 D WindowManager: canReceiveKeys: false.
11-11 14:31:15.816 1678 1754 D WindowManager: canReceiveKeys:true ,displayContent Display 0 info=DisplayInfo{"Built-in Screen", displayId 0", displayGroupId 0, FLAG_SECURE, FLAG_SUPPORTS_PROTECTED_BUFFERS, FLAG_TRUSTED, real 1080 x 2408, largest app 2342 x 2320, smallest app 1080 x 992, appVsyncOff 2400001, presDeadline 28600000, mode 1, defaultMode 1, modes [{id=1, width=1080, height=2408, fps=60.0, alternativeRefreshRates=[]}], hdrCapabilities HdrCapabilities{mSupportedHdrTypes=[], mMaxLuminance=500.0, mMaxAverageLuminance=500.0, mMinLuminance=0.0}, userDisabledHdrTypes [], minimalPostProcessingSupported false, rotation 0, state ON, type INTERNAL, uniqueId "local:0", app 1080 x 2342, density 440 (400.315 x 401.201) dpi, layerStack 0, colorMode 0, supportedColorModes [0], address {port=0}, deviceProductInfo null, removeMode 0, refreshRateOverride 0.0, brightnessMinimum 0.0, brightnessMaximum 1.0, brightnessDefault 0.4,CurvedDisplayCut [mEnableCurveCut=false,mCurvedDisplayCutPackage=null]} rootTasks=[WindowedMagnification:0:31@179330539, HideDisplayCutout:32:35@181845038, Leaf:36:36@53223081] ,isOnTop :true ,isTrusted: true ,fromUserTouch: false
11-11 14:31:15.816 1678 1754 D WindowManager: canReceiveKeys: false.
11-11 14:31:15.816 1678 1754 D TAG : setFocusedWindow: displayId: 0 ,name: a1b50cf com.twitter.android/com.twitter.tweetdetail.TweetDetailActivity
11-11 14:31:15.816 1678 1754 D _V_BarAnimController: updateRecentsAnimInputConsumer show=false
11-11 14:31:15.840 1678 1754 D WindowManager: canReceiveKeys: false.
11-11 14:31:15.840 1678 1754 D WindowManager: canReceiveKeys: false.
11-11 14:31:15.840 1678 1754 D WindowManager: canReceiveKeys: false.
11-11 14:31:15.840 1678 1754 D WindowManager: canReceiveKeys: false.
11-11 14:31:15.840 1678 1754 D WindowManager: canReceiveKeys: false.
11-11 14:31:15.840 1678 1754 D WindowManager: canReceiveKeys: false.
11-11 14:31:15.840 1678 1754 D WindowManager: canReceiveKeys:true ,displayContent Display 0 info=DisplayInfo{"Built-in Screen", displayId 0", displayGroupId 0, FLAG_SECURE, FLAG_SUPPORTS_PROTECTED_BUFFERS, FLAG_TRUSTED, real 1080 x 2408, largest app 2342 x 2320, smallest app 1080 x 992, appVsyncOff 2400001, presDeadline 28600000, mode 1, defaultMode 1, modes [{id=1, width=1080, height=2408, fps=60.0, alternativeRefreshRates=[]}], hdrCapabilities HdrCapabilities{mSupportedHdrTypes=[], mMaxLuminance=500.0, mMaxAverageLuminance=500.0, mMinLuminance=0.0}, userDisabledHdrTypes [], minimalPostProcessingSupported false, rotation 0, state ON, type INTERNAL, uniqueId "local:0", app 1080 x 2342, density 440 (400.315 x 401.201) dpi, layerStack 0, colorMode 0, supportedColorModes [0], address {port=0}, deviceProductInfo null, removeMode 0, refreshRateOverride 0.0, brightnessMinimum 0.0, brightnessMaximum 1.0, brightnessDefault 0.4,CurvedDisplayCut [mEnableCurveCut=false,mCurvedDisplayCutPackage=null]} rootTasks=[WindowedMagnification:0:31@179330539, HideDisplayCutout:32:35@181845038, Leaf:36:36@53223081] ,isOnTop :true ,isTrusted: true ,fromUserTouch: false
11-11 14:31:15.840 1678 1754 D WindowManager: canReceiveKeys: false.
11-11 14:31:15.841 1678 1754 D _V_BarAnimController: updateRecentsAnimInputConsumer show=false
11-11 14:31:15.866 1678 1754 D WindowManager: canReceiveKeys: false.
11-11 14:31:15.866 1678 1754 D WindowManager: canReceiveKeys: false.
11-11 14:31:15.866 1678 1754 D WindowManager: canReceiveKeys: false.
11-11 14:31:15.866 1678 1754 D WindowManager: canReceiveKeys: false.
11-11 14:31:15.866 1678 1754 D WindowManager: canReceiveKeys: false.
11-11 14:31:15.866 1678 1754 D WindowManager: canReceiveKeys: false.
11-11 14:31:15.867 1678 1754 D WindowManager: canReceiveKeys:true ,displayContent Display 0 info=DisplayInfo{"Built-in Screen", displayId 0", displayGroupId 0, FLAG_SECURE, FLAG_SUPPORTS_PROTECTED_BUFFERS, FLAG_TRUSTED, real 1080 x 2408, largest app 2342 x 2320, smallest app 1080 x 992, appVsyncOff 2400001, presDeadline 28600000, mode 1, defaultMode 1, modes [{id=1, width=1080, height=2408, fps=60.0, alternativeRefreshRates=[]}], hdrCapabilities HdrCapabilities{mSupportedHdrTypes=[], mMaxLuminance=500.0, mMaxAverageLuminance=500.0, mMinLuminance=0.0}, userDisabledHdrTypes [], minimalPostProcessingSupported false, rotation 0, state ON, type INTERNAL, uniqueId "local:0", app 1080 x 2342, density 440 (400.315 x 401.201) dpi, layerStack 0, colorMode 0, supportedColorModes [0], address {port=0}, deviceProductInfo null, removeMode 0, refreshRateOverride 0.0, brightnessMinimum 0.0, brightnessMaximum 1.0, brightnessDefault 0.4,CurvedDisplayCut [mEnableCurveCut=false,mCurvedDisplayCutPackage=null]} rootTasks=[WindowedMagnification:0:31@179330539, HideDisplayCutout:32:35@181845038, Leaf:36:36@53223081] ,isOnTop :true ,isTrusted: true ,fromUserTouch: false
11-11 14:31:15.867 1678 1754 D WindowManager: canReceiveKeys: false.
11-11 14:31:15.867 1678 1754 D _V_BarAnimController: updateRecentsAnimInputConsumer show=false
11-11 14:31:15.909 3088 8754 I _V_TaskStackChangeListeners: QuickStep|onTaskStackChanged_from_framework
11-11 14:31:16.016 754 10742 I AudioALSAStreamOut: updateSourceMetadata(), do nothing source_metadata = 0xe947bab8
11-11 14:31:16.023 1678 1754 D WindowManager: canReceiveKeys: false.
11-11 14:31:16.023 1678 1754 D WindowManager: canReceiveKeys: false.
11-11 14:31:16.023 1678 1754 D WindowManager: canReceiveKeys: false.
11-11 14:31:16.023 1678 1754 D WindowManager: canReceiveKeys: false.
11-11 14:31:16.023 1678 1754 D WindowManager: canReceiveKeys: false.
11-11 14:31:16.024 1678 1754 D WindowManager: canReceiveKeys: false.
