11-11 15:05:28.351 22245 24335 E BufferQueueProducer: BQDUMP [00:0x734a07d170] state=DEQUEUED 0x736a0754d0 frame=1 [ 352x 640: 352,1000]
11-11 15:05:28.384 22245 24335 E BufferQueueProducer: BQDUMP [00:0x734a07d170] state=DEQUEUED 0x736a0754d0 frame=1 [ 352x 640: 352,1000]
11-11 15:05:28.384 22245 24335 E BufferQueueProducer: BQDUMP [00:0x734a07d170] state=DEQUEUED 0x736a0754d0 frame=1 [ 352x 640: 352,1000]
11-11 15:05:28.416 22245 24335 E BufferQueueProducer: BQDUMP [00:0x734a07d170] state=DEQUEUED 0x736a0754d0 frame=1 [ 352x 640: 352,1000]
11-11 15:05:28.416 22245 24335 E BufferQueueProducer: BQDUMP [00:0x734a07d170] state=DEQUEUED 0x736a0754d0 frame=1 [ 352x 640: 352,1000]
11-11 15:05:28.449 22245 24335 E BufferQueueProducer: BQDUMP [00:0x734a07d170] state=DEQUEUED 0x736a0754d0 frame=1 [ 352x 640: 352,1000]
11-11 15:05:28.449 22245 24335 E BufferQueueProducer: BQDUMP [00:0x734a07d170] state=DEQUEUED 0x736a0754d0 frame=1 [ 352x 640: 352,1000]
11-11 15:05:28.482 22245 24335 E BufferQueueProducer: BQDUMP [00:0x734a07d170] state=QUEUED 0x736a0754d0 frame=24 [ 352x 640: 352,1000]
11-11 15:05:28.482 22245 24335 E BufferQueueProducer: BQDUMP [00:0x734a07d170] state=QUEUED 0x736a0754d0 frame=24 [ 352x 640: 352,1000]
11-11 15:05:28.514 22245 24335 E BufferQueueProducer: BQDUMP >[00:0x734a07d170] state=ACQUIRED 0x736a0754d0 frame=24 [ 352x 640: 352,1000]
11-11 15:05:28.515 22245 24335 E BufferQueueProducer: BQDUMP >[00:0x734a07d170] state=ACQUIRED 0x736a0754d0 frame=24 [ 352x 640: 352,1000]
11-11 15:05:28.548 22245 24335 E BufferQueueProducer: BQDUMP [00:0x734a07d170] state=DEQUEUED 0x736a0754d0 frame=24 [ 352x 640: 352,1000]
11-11 15:05:28.548 22245 24335 E BufferQueueProducer: BQDUMP [00:0x734a07d170] state=DEQUEUED 0x736a0754d0 frame=24 [ 352x 640: 352,1000]
11-11 15:05:28.559 22245 24335 E BufferQueueProducer: BQDUMP [00:0x734a07d170] state=DEQUEUED 0x736a0754d0 frame=24 [ 352x 640: 352,1000]
11-11 15:05:28.559 22245 24335 E BufferQueueProducer: BQDUMP [00:0x734a07d170] state=DEQUEUED 0x736a0754d0 frame=24 [ 352x 640: 352,1000]
11-11 15:05:28.570 22245 24335 E BufferQueueProducer: BQDUMP [00:0x734a07d170] state=DEQUEUED 0x736a0754d0 frame=24 [ 352x 640: 352,1000]
11-11 15:05:28.570 22245 24335 E BufferQueueProducer: BQDUMP [00:0x734a07d170] state=DEQUEUED 0x736a0754d0 frame=24 [ 352x 640: 352,1000]
11-11 15:05:29.084 22245 24335 E BufferQueueProducer: BQDUMP [00:0x734a07d170] state=DEQUEUED 0x736a0754d0 frame=24 [ 352x 640: 352,1000]
11-11 15:05:29.084 22245 24335 E BufferQueueProducer: BQDUMP [00:0x734a07d170] state=DEQUEUED 0x736a0754d0 frame=24 [ 352x 640: 352,1000]
11-11 15:05:29.106 22245 24335 E BufferQueueProducer: BQDUMP [00:0x734a07d170] state=DEQUEUED 0x736a0754d0 frame=24 [ 352x 640: 352,1000]
11-11 15:05:29.106 22245 24335 E BufferQueueProducer: BQDUMP [00:0x734a07d170] state=DEQUEUED 0x736a0754d0 frame=24 [ 352x 640: 352,1000]
11-11 15:05:29.117 22245 24335 E BufferQueueProducer: BQDUMP [00:0x734a07d170] state=DEQUEUED 0x736a0754d0 frame=24 [ 352x 640: 352,1000]
11-11 15:05:29.117 22245 24335 E BufferQueueProducer: BQDUMP [00:0x734a07d170] state=DEQUEUED 0x736a0754d0 frame=24 [ 352x 640: 352,1000]
11-11 15:05:29.150 22245 24335 E BufferQueueProducer: BQDUMP [00:0x734a07d170] state=DEQUEUED 0x736a0754d0 frame=24 [ 352x 640: 352,1000]
11-11 15:05:29.150 22245 24335 E BufferQueueProducer: BQDUMP [00:0x734a07d170] state=DEQUEUED 0x736a0754d0 frame=24 [ 352x 640: 352,1000]
11-11 15:05:29.184 22245 24335 E BufferQueueProducer: BQDUMP [00:0x734a07d170] state=DEQUEUED 0x736a0754d0 frame=24 [ 352x 640: 352,1000]
11-11 15:05:29.184 22245 24335 E BufferQueueProducer: BQDUMP [00:0x734a07d170] state=DEQUEUED 0x736a0754d0 frame=24 [ 352x 640: 352,1000]
11-11 15:05:29.206 22245 24335 E BufferQueueProducer: BQDUMP [00:0x734a07d170] state=DEQUEUED 0x736a0754d0 frame=24 [ 352x 640: 352,1000]
11-11 15:05:29.206 22245 24335 E BufferQueueProducer: BQDUMP [00:0x734a07d170] state=DEQUEUED 0x736a0754d0 frame=24 [ 352x 640: 352,1000]
11-11 15:05:29.217 22245 24335 E BufferQueueProducer: BQDUMP [00:0x734a07d170] state=DEQUEUED 0x736a0754d0 frame=24 [ 352x 640: 352,1000]
11-11 15:05:29.217 22245 24335 E BufferQueueProducer: BQDUMP [00:0x734a07d170] state=DEQUEUED 0x736a0754d0 frame=24 [ 352x 640: 352,1000]
11-11 15:05:29.250 22245 24335 E BufferQueueProducer: BQDUMP [00:0x734a07d170] state=DEQUEUED 0x736a0754d0 frame=24 [ 352x 640: 352,1000]
11-11 15:05:29.250 22245 24335 E BufferQueueProducer: BQDUMP [00:0x734a07d170] state=DEQUEUED 0x736a0754d0 frame=24 [ 352x 640: 352,1000]
11-11 15:05:29.283 22245 24335 E BufferQueueProducer: BQDUMP [00:0x734a07d170] state=QUEUED 0x736a0754d0 frame=48 [ 352x 640: 352,1000]
11-11 15:05:29.283 22245 24335 E BufferQueueProducer: BQDUMP [00:0x734a07d170] state=QUEUED 0x736a0754d0 frame=48 [ 352x 640: 352,1000]
11-11 15:05:29.306 22245 24335 E BufferQueueProducer: BQDUMP >[00:0x734a07d170] state=ACQUIRED 0x736a0754d0 frame=48 [ 352x 640: 352,1000]
11-11 15:05:29.306 22245 24335 E BufferQueueProducer: BQDUMP >[00:0x734a07d170] state=ACQUIRED 0x736a0754d0 frame=48 [ 352x 640: 352,1000]
11-11 15:05:29.350 22245 24335 E BufferQueueProducer: BQDUMP [00:0x734a07d170] state=DEQUEUED 0x736a0754d0 frame=48 [ 352x 640: 352,1000]
11-11 15:05:29.350 22245 24335 E BufferQueueProducer: BQDUMP [00:0x734a07d170] state=DEQUEUED 0x736a0754d0 frame=48 [ 352x 640: 352,1000]
11-11 15:05:29.382 22245 24335 E BufferQueueProducer: BQDUMP [00:0x734a07d170] state=DEQUEUED 0x736a0754d0 frame=48 [ 352x 640: 352,1000]
11-11 15:05:29.382 22245 24335 E BufferQueueProducer: BQDUMP [00:0x734a07d170] state=DEQUEUED 0x736a0754d0 frame=48 [ 352x 640: 352,1000]
11-11 15:05:29.415 22245 24335 E BufferQueueProducer: BQDUMP [00:0x734a07d170] state=DEQUEUED 0x736a0754d0 frame=48 [ 352x 640: 352,1000]
11-11 15:05:29.415 22245 24335 E BufferQueueProducer: BQDUMP [00:0x734a07d170] state=DEQUEUED 0x736a0754d0 frame=48 [ 352x 640: 352,1000]
11-11 15:05:29.448 22245 24335 E BufferQueueProducer: BQDUMP [00:0x734a07d170] state=DEQUEUED 0x736a0754d0 frame=48 [ 352x 640: 352,1000]
11-11 15:05:29.448 22245 24335 E BufferQueueProducer: BQDUMP [00:0x734a07d170] state=DEQUEUED 0x736a0754d0 frame=48 [ 352x 640: 352,1000]
11-11 15:05:29.481 22245 24335 E BufferQueueProducer: BQDUMP [00:0x734a07d170] state=DEQUEUED 0x736a0754d0 frame=48 [ 352x 640: 352,1000]
11-11 15:05:29.481 22245 24335 E BufferQueueProducer: BQDUMP [00:0x734a07d170] state=DEQUEUED 0x736a0754d0 frame=48 [ 352x 640: 352,1000]
11-11 15:05:29.514 22245 24335 E BufferQueueProducer: BQDUMP [00:0x734a07d170] state=DEQUEUED 0x736a0754d0 frame=48 [ 352x 640: 352,1000]
11-11 15:05:29.514 22245 24335 E BufferQueueProducer: BQDUMP [00:0x734a07d170] state=DEQUEUED 0x736a0754d0 frame=48 [ 352x 640: 352,1000]
11-11 15:05:29.546 22245 24335 E BufferQueueProducer: BQDUMP [00:0x734a07d170] state=DEQUEUED 0x736a0754d0 frame=48 [ 352x 640: 352,1000]
11-11 15:05:30.009 22245 24335 E BufferQueueProducer: BQDUMP [00:0x734a07d170] state=DEQUEUED 0x736a0754d0 frame=48 [ 352x 640: 352,1000]
11-11 15:05:30.009 22245 24335 E BufferQueueProducer: BQDUMP [00:0x734a07d170] state=DEQUEUED 0x736a0754d0 frame=48 [ 352x 640: 352,1000]
11-11 15:05:30.116 22245 24335 E BufferQueueProducer: BQDUMP >[00:0x734a07d170] state=ACQUIRED 0x736a0754d0 frame=72 [ 352x 640: 352,1000]
11-11 15:05:30.116 22245 24335 E BufferQueueProducer: BQDUMP >[00:0x734a07d170] state=ACQUIRED 0x736a0754d0 frame=72 [ 352x 640: 352,1000]
11-11 15:05:30.145 22245 24335 E BufferQueueProducer: BQDUMP [00:0x734a07d170] state=DEQUEUED 0x736a0754d0 frame=72 [ 352x 640: 352,1000]
11-11 15:05:30.145 22245 24335 E BufferQueueProducer: BQDUMP [00:0x734a07d170] state=DEQUEUED 0x736a0754d0 frame=72 [ 352x 640: 352,1000]
11-11 15:05:30.177 22245 24335 E BufferQueueProducer: BQDUMP [00:0x734a07d170] state=DEQUEUED 0x736a0754d0 frame=72 [ 352x 640: 352,1000]
11-11 15:05:30.177 22245 24335 E BufferQueueProducer: BQDUMP [00:0x734a07d170] state=DEQUEUED 0x736a0754d0 frame=72 [ 352x 640: 352,1000]
11-11 15:05:30.242 22245 24335 E BufferQueueProducer: BQDUMP [00:0x734a07d170] state=DEQUEUED 0x736a0754d0 frame=72 [ 352x 640: 352,1000]
11-11 15:05:30.242 22245 24335 E BufferQueueProducer: BQDUMP [00:0x734a07d170] state=DEQUEUED 0x736a0754d0 frame=72 [ 352x 640: 352,1000]
11-11 15:05:30.275 22245 24335 E BufferQueueProducer: BQDUMP [00:0x734a07d170] state=DEQUEUED 0x736a0754d0 frame=72 [ 352x 640: 352,1000]
11-11 15:05:30.275 22245 24335 E BufferQueueProducer: BQDUMP [00:0x734a07d170] state=DEQUEUED 0x736a0754d0 frame=72 [ 352x 640: 352,1000]
11-11 15:05:30.319 22245 24335 E BufferQueueProducer: BQDUMP [00:0x734a07d170] state=DEQUEUED 0x736a0754d0 frame=72 [ 352x 640: 352,1000]
11-11 15:05:30.319 22245 24335 E BufferQueueProducer: BQDUMP [00:0x734a07d170] state=DEQUEUED 0x736a0754d0 frame=72 [ 352x 640: 352,1000]
11-11 15:05:30.376 22245 24335 E BufferQueueProducer: BQDUMP [00:0x734a07d170] state=DEQUEUED 0x736a0754d0 frame=72 [ 352x 640: 352,1000]
11-11 15:05:30.376 22245 24335 E BufferQueueProducer: BQDUMP [00:0x734a07d170] state=DEQUEUED 0x736a0754d0 frame=72 [ 352x 640: 352,1000]
11-11 15:05:30.409 22245 24335 E BufferQueueProducer: BQDUMP [00:0x734a07d170] state=DEQUEUED 0x736a0754d0 frame=72 [ 352x 640: 352,1000]
11-11 15:05:30.409 22245 24335 E BufferQueueProducer: BQDUMP [00:0x734a07d170] state=DEQUEUED 0x736a0754d0 frame=72 [ 352x 640: 352,1000]
11-11 15:05:30.445 22245 24335 E BufferQueueProducer: BQDUMP [00:0x734a07d170] state=DEQUEUED 0x736a0754d0 frame=72 [ 352x 640: 352,1000]
11-11 15:05:30.445 22245 24335 E BufferQueueProducer: BQDUMP [00:0x734a07d170] state=DEQUEUED 0x736a0754d0 frame=72 [ 352x 640: 352,1000]
11-11 15:05:30.478 22245 24335 E BufferQueueProducer: BQDUMP [00:0x734a07d170] state=DEQUEUED 0x736a0754d0 frame=72 [ 352x 640: 352,1000]
11-11 15:05:30.478 22245 24335 E BufferQueueProducer: BQDUMP [00:0x734a07d170] state=DEQUEUED 0x736a0754d0 frame=72 [ 352x 640: 352,1000]
11-11 15:05:30.510 22245 24335 E BufferQueueProducer: BQDUMP [00:0x734a07d170] state=DEQUEUED 0x736a0754d0 frame=72 [ 352x 640: 352,1000]
11-11 15:05:30.510 22245 24335 E BufferQueueProducer: BQDUMP [00:0x734a07d170] state=DEQUEUED 0x736a0754d0 frame=72 [ 352x 640: 352,1000]
11-11 15:05:30.543 22245 24335 E BufferQueueProducer: BQDUMP [00:0x734a07d170] state=DEQUEUED 0x736a0754d0 frame=72 [ 352x 640: 352,1000]
11-11 15:05:30.543 22245 24335 E BufferQueueProducer: BQDUMP [00:0x734a07d170] state=DEQUEUED 0x736a0754d0 frame=72 [ 352x 640: 352,1000]
11-11 15:05:30.576 22245 24335 E BufferQueueProducer: BQDUMP [00:0x734a07d170] state=DEQUEUED 0x736a0754d0 frame=72 [ 352x 640: 352,1000]
11-11 15:05:30.576 22245 24335 E BufferQueueProducer: BQDUMP [00:0x734a07d170] state=DEQUEUED 0x736a0754d0 frame=72 [ 352x 640: 352,1000]
11-11 15:05:30.608 22245 24335 E BufferQueueProducer: BQDUMP [00:0x734a07d170] state=DEQUEUED 0x736a0754d0 frame=72 [ 352x 640: 352,1000]
11-11 15:05:30.608 22245 24335 E BufferQueueProducer: BQDUMP [00:0x734a07d170] state=DEQUEUED 0x736a0754d0 frame=72 [ 352x 640: 352,1000]
11-11 15:05:30.673 22245 24335 E BufferQueueProducer: BQDUMP [00:0x734a07d170] state=DEQUEUED 0x736a0754d0 frame=72 [ 352x 640: 352,1000]
11-11 15:05:30.674 22245 24335 E BufferQueueProducer: BQDUMP [00:0x734a07d170] state=DEQUEUED 0x736a0754d0 frame=72 [ 352x 640: 352,1000]
11-11 15:05:30.706 22245 24335 E BufferQueueProducer: BQDUMP [00:0x734a07d170] state=DEQUEUED 0x736a0754d0 frame=72 [ 352x 640: 352,1000]
11-11 15:05:31.009 22245 24335 E BufferQueueProducer: BQDUMP [00:0x734a07d170] state=DEQUEUED 0x736a0754d0 frame=96 [ 352x 640: 352,1000]
11-11 15:05:31.010 22245 24335 E BufferQueueProducer: BQDUMP [00:0x734a07d170] state=DEQUEUED 0x736a0754d0 frame=96 [ 352x 640: 352,1000]
11-11 15:05:31.043 22245 24335 E BufferQueueProducer: BQDUMP [00:0x734a07d170] state=DEQUEUED 0x736a0754d0 frame=96 [ 352x 640: 352,1000]
11-11 15:05:31.043 22245 24335 E BufferQueueProducer: BQDUMP [00:0x734a07d170] state=DEQUEUED 0x736a0754d0 frame=96 [ 352x 640: 352,1000]
11-11 15:05:31.076 22245 24335 E BufferQueueProducer: BQDUMP [00:0x734a07d170] state=DEQUEUED 0x736a0754d0 frame=96 [ 352x 640: 352,1000]
11-11 15:05:31.076 22245 24335 E BufferQueueProducer: BQDUMP [00:0x734a07d170] state=DEQUEUED 0x736a0754d0 frame=96 [ 352x 640: 352,1000]
11-11 15:05:31.109 22245 24335 E BufferQueueProducer: BQDUMP [00:0x734a07d170] state=DEQUEUED 0x736a0754d0 frame=96 [ 352x 640: 352,1000]
11-11 15:05:31.109 22245 24335 E BufferQueueProducer: BQDUMP [00:0x734a07d170] state=DEQUEUED 0x736a0754d0 frame=96 [ 352x 640: 352,1000]
11-11 15:05:31.142 22245 24335 E BufferQueueProducer: BQDUMP [00:0x734a07d170] state=DEQUEUED 0x736a0754d0 frame=96 [ 352x 640: 352,1000]
11-11 15:05:31.142 22245 24335 E BufferQueueProducer: BQDUMP [00:0x734a07d170] state=DEQUEUED 0x736a0754d0 frame=96 [ 352x 640: 352,1000]
11-11 15:05:31.175 22245 24335 E BufferQueueProducer: BQDUMP [00:0x734a07d170] state=DEQUEUED 0x736a0754d0 frame=96 [ 352x 640: 352,1000]
11-11 15:05:31.175 22245 24335 E BufferQueueProducer: BQDUMP [00:0x734a07d170] state=DEQUEUED 0x736a0754d0 frame=96 [ 352x 640: 352,1000]
11-11 15:05:31.208 22245 24335 E BufferQueueProducer: BQDUMP [00:0x734a07d170] state=DEQUEUED 0x736a0754d0 frame=96 [ 352x 640: 352,1000]
11-11 15:05:31.208 22245 24335 E BufferQueueProducer: BQDUMP [00:0x734a07d170] state=DEQUEUED 0x736a0754d0 frame=96 [ 352x 640: 352,1000]
11-11 15:05:31.241 22245 24335 E BufferQueueProducer: BQDUMP [00:0x734a07d170] state=DEQUEUED 0x736a0754d0 frame=96 [ 352x 640: 352,1000]
11-11 15:05:31.241 22245 24335 E BufferQueueProducer: BQDUMP [00:0x734a07d170] state=DEQUEUED 0x736a0754d0 frame=96 [ 352x 640: 352,1000]
11-11 15:05:31.316 22245 24335 E BufferQueueProducer: BQDUMP [00:0x734a07d170] state=DEQUEUED 0x736a0754d0 frame=96 [ 352x 640: 352,1000]
11-11 15:05:31.316 22245 24335 E BufferQueueProducer: BQDUMP [00:0x734a07d170] state=DEQUEUED 0x736a0754d0 frame=96 [ 352x 640: 352,1000]
11-11 15:05:31.343 22245 24335 E BufferQueueProducer: BQDUMP [00:0x734a07d170] state=DEQUEUED 0x736a0754d0 frame=96 [ 352x 640: 352,1000]
11-11 15:05:31.343 22245 24335 E BufferQueueProducer: BQDUMP [00:0x734a07d170] state=DEQUEUED 0x736a0754d0 frame=96 [ 352x 640: 352,1000]
11-11 15:05:31.408 22245 24335 E BufferQueueProducer: BQDUMP [00:0x734a07d170] state=DEQUEUED 0x736a0754d0 frame=96 [ 352x 640: 352,1000]
11-11 15:05:31.408 22245 24335 E BufferQueueProducer: BQDUMP [00:0x734a07d170] state=DEQUEUED 0x736a0754d0 frame=96 [ 352x 640: 352,1000]
11-11 15:05:31.442 22245 24335 E BufferQueueProducer: BQDUMP [00:0x734a07d170] state=DEQUEUED 0x736a0754d0 frame=96 [ 352x 640: 352,1000]
11-11 15:05:31.442 22245 24335 E BufferQueueProducer: BQDUMP [00:0x734a07d170] state=DEQUEUED 0x736a0754d0 frame=96 [ 352x 640: 352,1000]
11-11 15:05:31.507 22245 24335 E BufferQueueProducer: BQDUMP [00:0x734a07d170] state=DEQUEUED 0x736a0754d0 frame=96 [ 352x 640: 352,1000]
11-11 15:05:31.507 22245 24335 E BufferQueueProducer: BQDUMP [00:0x734a07d170] state=DEQUEUED 0x736a0754d0 frame=96 [ 352x 640: 352,1000]
11-11 15:05:31.518 22245 24335 E BufferQueueProducer: BQDUMP [00:0x734a07d170] state=DEQUEUED 0x736a0754d0 frame=96 [ 352x 640: 352,1000]
11-11 15:05:31.519 22245 24335 E BufferQueueProducer: BQDUMP [00:0x734a07d170] state=DEQUEUED 0x736a0754d0 frame=96 [ 352x 640: 352,1000]
11-11 15:05:31.530 22245 24335 E BufferQueueProducer: BQDUMP [00:0x734a07d170] state=DEQUEUED 0x736a0754d0 frame=96 [ 352x 640: 352,1000]
11-11 15:05:31.530 22245 24335 E BufferQueueProducer: BQDUMP [00:0x734a07d170] state=DEQUEUED 0x736a0754d0 frame=96 [ 352x 640: 352,1000]
11-11 15:05:31.546 22245 24335 E BufferQueueProducer: BQDUMP [00:0x734a07d170] state=DEQUEUED 0x736a0754d0 frame=96 [ 352x 640: 352,1000]
11-11 15:05:31.546 22245 24335 E BufferQueueProducer: BQDUMP [00:0x734a07d170] state=DEQUEUED 0x736a0754d0 frame=96 [ 352x 640: 352,1000]
11-11 15:05:31.559 22245 24335 E BufferQueueProducer: BQDUMP [00:0x734a07d170] state=DEQUEUED 0x736a0754d0 frame=96 [ 352x 640: 352,1000]
11-11 15:05:32.011 22245 24335 E BufferQueueProducer: BQDUMP [00:0x734a07d170] state=DEQUEUED 0x736a0754d0 frame=119 [ 352x 640: 352,1000]
11-11 15:05:32.012 22245 24335 E BufferQueueProducer: BQDUMP [00:0x734a07d170] state=DEQUEUED 0x736a0754d0 frame=119 [ 352x 640: 352,1000]
11-11 15:05:32.044 22245 24335 E BufferQueueProducer: BQDUMP [00:0x734a07d170] state=DEQUEUED 0x736a0754d0 frame=119 [ 352x 640: 352,1000]
11-11 15:05:32.044 22245 24335 E BufferQueueProducer: BQDUMP [00:0x734a07d170] state=DEQUEUED 0x736a0754d0 frame=119 [ 352x 640: 352,1000]
11-11 15:05:32.076 22245 24335 E BufferQueueProducer: BQDUMP [00:0x734a07d170] state=DEQUEUED 0x736a0754d0 frame=119 [ 352x 640: 352,1000]
11-11 15:05:32.076 22245 24335 E BufferQueueProducer: BQDUMP [00:0x734a07d170] state=DEQUEUED 0x736a0754d0 frame=119 [ 352x 640: 352,1000]
11-11 15:05:32.140 22245 24335 E BufferQueueProducer: BQDUMP [00:0x734a07d170] state=DEQUEUED 0x736a0754d0 frame=119 [ 352x 640: 352,1000]
11-11 15:05:32.140 22245 24335 E BufferQueueProducer: BQDUMP [00:0x734a07d170] state=DEQUEUED 0x736a0754d0 frame=119 [ 352x 640: 352,1000]
11-11 15:05:32.173 22245 24335 E BufferQueueProducer: BQDUMP [00:0x734a07d170] state=DEQUEUED 0x736a0754d0 frame=119 [ 352x 640: 352,1000]
11-11 15:05:32.173 22245 24335 E BufferQueueProducer: BQDUMP [00:0x734a07d170] state=DEQUEUED 0x736a0754d0 frame=119 [ 352x 640: 352,1000]
11-11 15:05:32.205 22245 24335 E BufferQueueProducer: BQDUMP [00:0x734a07d170] state=DEQUEUED 0x736a0754d0 frame=119 [ 352x 640: 352,1000]
11-11 15:05:32.205 22245 24335 E BufferQueueProducer: BQDUMP [00:0x734a07d170] state=DEQUEUED 0x736a0754d0 frame=119 [ 352x 640: 352,1000]
11-11 15:05:32.280 22245 24335 E BufferQueueProducer: BQDUMP [00:0x734a07d170] state=DEQUEUED 0x736a0754d0 frame=119 [ 352x 640: 352,1000]
11-11 15:05:32.280 22245 24335 E BufferQueueProducer: BQDUMP [00:0x734a07d170] state=DEQUEUED 0x736a0754d0 frame=119 [ 352x 640: 352,1000]
11-11 15:05:32.303 22245 24335 E BufferQueueProducer: BQDUMP [00:0x734a07d170] state=DEQUEUED 0x736a0754d0 frame=119 [ 352x 640: 352,1000]
11-11 15:05:32.303 22245 24335 E BufferQueueProducer: BQDUMP [00:0x734a07d170] state=DEQUEUED 0x736a0754d0 frame=119 [ 352x 640: 352,1000]
11-11 15:05:32.337 22245 24335 E BufferQueueProducer: BQDUMP [00:0x734a07d170] state=DEQUEUED 0x736a0754d0 frame=119 [ 352x 640: 352,1000]
11-11 15:05:32.337 22245 24335 E BufferQueueProducer: BQDUMP [00:0x734a07d170] state=DEQUEUED 0x736a0754d0 frame=119 [ 352x 640: 352,1000]
11-11 15:05:32.380 22245 24335 E BufferQueueProducer: BQDUMP [00:0x734a07d170] state=DEQUEUED 0x736a0754d0 frame=119 [ 352x 640: 352,1000]
11-11 15:05:32.380 22245 24335 E BufferQueueProducer: BQDUMP [00:0x734a07d170] state=DEQUEUED 0x736a0754d0 frame=119 [ 352x 640: 352,1000]
11-11 15:05:32.413 22245 24335 E BufferQueueProducer: BQDUMP [00:0x734a07d170] state=DEQUEUED 0x736a0754d0 frame=119 [ 352x 640: 352,1000]
11-11 15:05:32.413 22245 24335 E BufferQueueProducer: BQDUMP [00:0x734a07d170] state=DEQUEUED 0x736a0754d0 frame=119 [ 352x 640: 352,1000]
11-11 15:05:32.435 22245 24335 E BufferQueueProducer: BQDUMP [00:0x734a07d170] state=QUEUED 0x736a0754d0 frame=143 [ 352x 640: 352,1000]
11-11 15:05:32.435 22245 24335 E BufferQueueProducer: BQDUMP [00:0x734a07d170] state=QUEUED 0x736a0754d0 frame=143 [ 352x 640: 352,1000]
11-11 15:05:32.480 22245 24335 E BufferQueueProducer: BQDUMP >[00:0x734a07d170] state=ACQUIRED 0x736a0754d0 frame=143 [ 352x 640: 352,1000]
11-11 15:05:32.480 22245 24335 E BufferQueueProducer: BQDUMP >[00:0x734a07d170] state=ACQUIRED 0x736a0754d0 frame=143 [ 352x 640: 352,1000]
11-11 15:05:32.535 22245 24335 E BufferQueueProducer: BQDUMP [00:0x734a07d170] state=DEQUEUED 0x736a0754d0 frame=143 [ 352x 640: 352,1000]
11-11 15:05:32.535 22245 24335 E BufferQueueProducer: BQDUMP [00:0x734a07d170] state=DEQUEUED 0x736a0754d0 frame=143 [ 352x 640: 352,1000]
11-11 15:05:32.579 22245 24335 E BufferQueueProducer: BQDUMP [00:0x734a07d170] state=DEQUEUED 0x736a0754d0 frame=143 [ 352x 640: 352,1000]
11-11 15:05:32.579 22245 24335 E BufferQueueProducer: BQDUMP [00:0x734a07d170] state=DEQUEUED 0x736a0754d0 frame=143 [ 352x 640: 352,1000]
11-11 15:05:32.613 22245 24335 E BufferQueueProducer: BQDUMP [00:0x734a07d170] state=DEQUEUED 0x736a0754d0 frame=143 [ 352x 640: 352,1000]
11-11 15:05:32.613 22245 24335 E BufferQueueProducer: BQDUMP [00:0x734a07d170] state=DEQUEUED 0x736a0754d0 frame=143 [ 352x 640: 352,1000]
11-11 15:05:32.656 22245 24335 E BufferQueueProducer: BQDUMP [00:0x734a07d170] state=DEQUEUED 0x736a0754d0 frame=143 [ 352x 640: 352,1000]
11-11 15:05:33.025 22245 24335 E BufferQueueProducer: BQDUMP [00:0x734a07d170] state=DEQUEUED 0x736a0754d0 frame=143 [ 352x 640: 352,1000]
11-11 15:05:33.025 22245 24335 E BufferQueueProducer: BQDUMP [00:0x734a07d170] state=DEQUEUED 0x736a0754d0 frame=143 [ 352x 640: 352,1000]
11-11 15:05:33.058 22245 24335 E BufferQueueProducer: BQDUMP [00:0x734a07d170] state=DEQUEUED 0x736a0754d0 frame=143 [ 352x 640: 352,1000]
11-11 15:05:33.058 22245 24335 E BufferQueueProducer: BQDUMP [00:0x734a07d170] state=DEQUEUED 0x736a0754d0 frame=143 [ 352x 640: 352,1000]
11-11 15:05:33.092 22245 24335 E BufferQueueProducer: BQDUMP [00:0x734a07d170] state=DEQUEUED 0x736a0754d0 frame=143 [ 352x 640: 352,1000]
11-11 15:05:33.092 22245 24335 E BufferQueueProducer: BQDUMP [00:0x734a07d170] state=DEQUEUED 0x736a0754d0 frame=143 [ 352x 640: 352,1000]
11-11 15:05:33.125 22245 24335 E BufferQueueProducer: BQDUMP [00:0x734a07d170] state=DEQUEUED 0x736a0754d0 frame=143 [ 352x 640: 352,1000]
11-11 15:05:33.126 22245 24335 E BufferQueueProducer: BQDUMP [00:0x734a07d170] state=DEQUEUED 0x736a0754d0 frame=143 [ 352x 640: 352,1000]
11-11 15:05:33.159 22245 24335 E BufferQueueProducer: BQDUMP [00:0x734a07d170] state=DEQUEUED 0x736a0754d0 frame=143 [ 352x 640: 352,1000]
11-11 15:05:33.159 22245 24335 E BufferQueueProducer: BQDUMP [00:0x734a07d170] state=DEQUEUED 0x736a0754d0 frame=143 [ 352x 640: 352,1000]
11-11 15:05:33.193 22245 24335 E BufferQueueProducer: BQDUMP [00:0x734a07d170] state=DEQUEUED 0x736a0754d0 frame=143 [ 352x 640: 352,1000]
11-11 15:05:33.193 22245 24335 E BufferQueueProducer: BQDUMP [00:0x734a07d170] state=DEQUEUED 0x736a0754d0 frame=143 [ 352x 640: 352,1000]
11-11 15:05:33.226 22245 24335 E BufferQueueProducer: BQDUMP [00:0x734a07d170] state=QUEUED 0x736a0754d0 frame=166 [ 352x 640: 352,1000]
11-11 15:05:33.226 22245 24335 E BufferQueueProducer: BQDUMP [00:0x734a07d170] state=QUEUED 0x736a0754d0 frame=166 [ 352x 640: 352,1000]
11-11 15:05:33.260 22245 24335 E BufferQueueProducer: BQDUMP >[00:0x734a07d170] state=ACQUIRED 0x736a0754d0 frame=166 [ 352x 640: 352,1000]
11-11 15:05:33.260 22245 24335 E BufferQueueProducer: BQDUMP >[00:0x734a07d170] state=ACQUIRED 0x736a0754d0 frame=166 [ 352x 640: 352,1000]
11-11 15:05:33.294 22245 24335 E BufferQueueProducer: BQDUMP [00:0x734a07d170] state=DEQUEUED 0x736a0754d0 frame=166 [ 352x 640: 352,1000]
11-11 15:05:33.294 22245 24335 E BufferQueueProducer: BQDUMP [00:0x734a07d170] state=DEQUEUED 0x736a0754d0 frame=166 [ 352x 640: 352,1000]
11-11 15:05:33.316 22245 24335 E BufferQueueProducer: BQDUMP [00:0x734a07d170] state=DEQUEUED 0x736a0754d0 frame=166 [ 352x 640: 352,1000]
11-11 15:05:33.316 22245 24335 E BufferQueueProducer: BQDUMP [00:0x734a07d170] state=DEQUEUED 0x736a0754d0 frame=166 [ 352x 640: 352,1000]
11-11 15:05:33.328 22245 24335 E BufferQueueProducer: BQDUMP [00:0x734a07d170] state=DEQUEUED 0x736a0754d0 frame=166 [ 352x 640: 352,1000]
11-11 15:05:33.328 22245 24335 E BufferQueueProducer: BQDUMP [00:0x734a07d170] state=DEQUEUED 0x736a0754d0 frame=166 [ 352x 640: 352,1000]
11-11 15:05:33.453 22245 24335 E BufferQueueProducer: BQDUMP [00:0x734a07d170] state=DEQUEUED 0x736a0754d0 frame=166 [ 352x 640: 352,1000]
11-11 15:05:33.453 22245 24335 E BufferQueueProducer: BQDUMP [00:0x734a07d170] state=DEQUEUED 0x736a0754d0 frame=166 [ 352x 640: 352,1000]
11-11 15:05:33.486 22245 24335 E BufferQueueProducer: BQDUMP [00:0x734a07d170] state=DEQUEUED 0x736a0754d0 frame=166 [ 352x 640: 352,1000]
11-11 15:05:33.486 22245 24335 E BufferQueueProducer: BQDUMP [00:0x734a07d170] state=DEQUEUED 0x736a0754d0 frame=166 [ 352x 640: 352,1000]
11-11 15:05:33.520 22245 24335 E BufferQueueProducer: BQDUMP [00:0x734a07d170] state=DEQUEUED 0x736a0754d0 frame=166 [ 352x 640: 352,1000]
11-11 15:05:33.520 22245 24335 E BufferQueueProducer: BQDUMP [00:0x734a07d170] state=DEQUEUED 0x736a0754d0 frame=166 [ 352x 640: 352,1000]
11-11 15:05:34.766 754 17868 E AudioALSAPlaybackHandlerNormal: open_audiodsp_preset() Preset file can't be opened
11-11 15:05:34.766 754 17868 E AudioALSAPlaybackHandlerNormal: open_audiodsp() Could not load the preset file, it might be sktv3 algo, return here.
11-11 15:05:34.766 754 17868 E AudioALSAPlaybackHandlerNormal: open() Could not open audioDSP lib
11-11 15:06:24.443 754 4696 E AudioALSAPlaybackHandlerNormal: open_audiodsp_preset() Preset file can't be opened
11-11 15:06:24.443 754 4696 E AudioALSAPlaybackHandlerNormal: open_audiodsp() Could not load the preset file, it might be sktv3 algo, return here.
11-11 15:06:24.443 754 4696 E AudioALSAPlaybackHandlerNormal: open() Could not open audioDSP lib
11-11 15:06:55.754 788 863 I libPowerHal: 1157: cpu_ctrl set cpu freq: 1000000 -1 1000000 -1
11-11 15:07:02.587 788 863 I libPowerHal: [perfLockAcq] idx:3 hdl:187754 hint:-1 pid:1221 duration:0 lock_user:vpud => ret_hdl:187754
11-11 15:07:02.587 1221 1313 I mtkpower_client: ret_hdl:187754
11-11 15:07:02.617 1221 1313 I mtkpower_client: perf_lock_rel, hdl:187754, tid:1313
11-11 15:07:02.617 788 863 I libPowerHal: [perfLockRel] hdl:187754, idx:3
11-11 15:08:10.754 788 863 I libPowerHal: [perfLockAcq] idx:1 hdl:187860 hint:1155 pid:834 duration:2367 lock_user:vperf@1.0-servi => ret_hdl:187860
11-11 15:09:41.041 773 819 E android.hardware.sensors@2.0-service.multihal-mediatek: MEMSIC magcal_gauss = -22.728783 29.918364 17.587437, mag offset = -140.085611 -85.443280 -88.201372 accu 3 ts 522109863773754
11-11 15:09:44.061 773 819 E android.hardware.sensors@2.0-service.multihal-mediatek: MEMSIC magcal_gauss = -22.808770 30.612456 18.183548, mag offset = -140.085611 -85.443280 -88.201372 accu 3 ts 522112883227549
11-11 15:10:34.084 773 819 E android.hardware.sensors@2.0-service.multihal-mediatek: MEMSIC SetAccData 0.382000 9.696000 -1.288000 ts 522162906579754
11-11 15:10:34.085 773 819 E android.hardware.sensors@2.0-service.multihal-mediatek: MEMSIC SetGyroData -0.154314 0.199845 -0.029075 ts 522162906579754
11-11 15:10:38.291 773 819 E android.hardware.sensors@2.0-service.multihal-mediatek: MEMSIC magcal_gauss = -28.760841 23.497546 13.324073, mag offset = -140.085611 -85.443280 -88.201372 accu 3 ts 522167113247460
11-11 15:10:42.244 754 17868 E AudioALSAPlaybackHandlerNormal: open_audiodsp_preset() Preset file can't be opened
11-11 15:10:42.244 754 17868 E AudioALSAPlaybackHandlerNormal: open_audiodsp() Could not load the preset file, it might be sktv3 algo, return here.
11-11 15:10:42.244 754 17868 E AudioALSAPlaybackHandlerNormal: open() Could not open audioDSP lib
11-11 15:10:45.754 6064 6416 E BufferQueueProducer: [SurfaceTexture-0-6064-4](id:17b000000028,api:3,p:6064,c:6064) waitForFreeSlotThenRelock TIMED_OUT 0
11-11 15:10:49.760 6064 6416 E BufferQueueProducer: BQDUMP 01:0xb40000734a042cd0 crop=[0,0,320,568] xform=0x00 time=340905.7541 scale=SCALE_TO_WINDOW
11-11 15:10:59.860 754 17868 E AudioALSAPlaybackHandlerNormal: open_audiodsp_preset() Preset file can't be opened
11-11 15:10:59.860 754 17868 E AudioALSAPlaybackHandlerNormal: open_audiodsp() Could not load the preset file, it might be sktv3 algo, return here.
11-11 15:10:59.860 754 17868 E AudioALSAPlaybackHandlerNormal: open() Could not open audioDSP lib
11-11 15:11:07.754 788 863 I libPowerHal: [perfLockAcq] idx:2 hdl:188150 hint:1157 pid:834 duration:80 lock_user:vperf@1.0-servi => ret_hdl:188150
11-11 15:11:54.204 773 819 E android.hardware.sensors@2.0-service.multihal-mediatek: MEMSIC SetAccData -0.742000 8.990000 -3.545000 ts 522243025575455
11-11 15:11:54.205 773 819 E android.hardware.sensors@2.0-service.multihal-mediatek: MEMSIC SetGyroData -0.006242 0.004901 0.001818 ts 522243025575455
11-11 15:12:06.792 773 819 E android.hardware.sensors@2.0-service.multihal-mediatek: MEMSIC magcal_gauss = -31.497546 18.913458 13.747377, mag offset = -140.085611 -85.443280 -88.201372 accu 3 ts 522255613768436
11-11 15:13:25.202 773 819 E android.hardware.sensors@2.0-service.multihal-mediatek: MEMSIC magcal_gauss = -29.675170 23.099376 14.307543, mag offset = -140.085611 -85.443280 -88.201372 accu 3 ts 522334023769295
11-11 15:13:44.366 773 819 E android.hardware.sensors@2.0-service.multihal-mediatek: MEMSIC SetAccData 0.205000 9.311000 -2.810000 ts 522353187549386
11-11 15:13:44.366 773 819 E android.hardware.sensors@2.0-service.multihal-mediatek: MEMSIC SetGyroData -0.005882 0.020268 -0.000275 ts 522353187549386
11-11 15:14:17.414 773 819 E android.hardware.sensors@2.0-service.multihal-mediatek: MEMSIC SetAccData 0.492000 9.234000 -2.980000 ts 522386235887541
11-11 15:14:17.414 773 819 E android.hardware.sensors@2.0-service.multihal-mediatek: MEMSIC SetGyroData 0.004771 -0.012755 -0.019450 ts 522386235887541
11-11 15:14:37.131 834 31754 I mtkpower_client: perf_lock_rel, hdl:188468, tid:31754
11-11 15:16:01.566 773 819 E android.hardware.sensors@2.0-service.multihal-mediatek: MEMSIC SetAccData 1.069000 9.270000 -2.760000 ts 522490387675436
11-11 15:16:01.566 773 819 E android.hardware.sensors@2.0-service.multihal-mediatek: MEMSIC SetGyroData -0.021861 0.002158 -0.008797 ts 522490387675436
11-11 15:16:49.381 773 819 E android.hardware.sensors@2.0-service.multihal-mediatek: MEMSIC magcal_gauss = -27.451260 27.871716 11.569538, mag offset = -140.085611 -85.443280 -88.201372 accu 3 ts 522538203754826
11-11 15:16:56.646 773 819 E android.hardware.sensors@2.0-service.multihal-mediatek: MEMSIC SetAccData -0.324000 9.754000 -0.806000 ts 522545467931526
11-11 15:17:02.754 788 863 I libPowerHal: [perfLockAcq] idx:3 hdl:188667 hint:1173 pid:834 duration:0 lock_user:vperf@1.0-servi => ret_hdl:188667
11-11 15:17:24.601 773 819 E android.hardware.sensors@2.0-service.multihal-mediatek: MEMSIC magcal_gauss = -30.429665 20.218869 14.974379, mag offset = -140.085611 -85.443280 -88.201372 accu 3 ts 522573423754847
11-11 15:17:26.621 773 819 E android.hardware.sensors@2.0-service.multihal-mediatek: MEMSIC magcal_gauss = -31.294763 19.110679 14.254523, mag offset = -140.085611 -85.443280 -88.201372 accu 3 ts 522575443649892
11-11 15:17:35.672 773 819 E android.hardware.sensors@2.0-service.multihal-mediatek: MEMSIC magcal_gauss = -26.828293 26.692889 14.977737, mag offset = -140.085611 -85.443280 -88.201372 accu 3 ts 522584493754103
11-11 15:17:37.706 773 819 E android.hardware.sensors@2.0-service.multihal-mediatek: MEMSIC SetAccData 0.753000 9.392000 -2.463000 ts 522586527542040
11-11 15:17:37.706 773 819 E android.hardware.sensors@2.0-service.multihal-mediatek: MEMSIC SetGyroData 0.022650 -0.018922 0.038087 ts 522586527542040
11-11 15:17:39.347 788 863 I libPowerHal: [perfLockAcq] idx:2 hdl:188754 hint:1157 pid:834 duration:80 lock_user:vperf@1.0-servi => ret_hdl:188754
11-11 15:17:39.427 788 863 I mtkpower@impl: [powerd_req] TIMER_MSG_PERF_LOCK_TIMEOUT hdl:188754
11-11 15:17:39.427 788 863 I libPowerHal: [perfLockRel] hdl:188754, idx:2
11-11 15:17:39.447 834 32303 I mtkpower_client: perf_lock_rel, hdl:188754, tid:32303
11-11 15:17:39.448 788 863 I libPowerHal: [perfLockRel] hdl:188754, idx:-1
11-11 15:17:48.721 773 819 E android.hardware.sensors@2.0-service.multihal-mediatek: MEMSIC SetAccData 1.284000 9.296000 -2.528000 ts 522597543528760
11-11 15:17:48.722 773 819 E android.hardware.sensors@2.0-service.multihal-mediatek: MEMSIC SetGyroData 0.004771 -0.014886 -0.003471 ts 522597543528760
11-11 15:17:59.821 773 819 E android.hardware.sensors@2.0-service.multihal-mediatek: MEMSIC magcal_gauss = -24.344191 29.403441 16.547960, mag offset = -140.085611 -85.443280 -88.201372 accu 3 ts 522608643754686
11-11 15:18:10.754 773 819 E android.hardware.sensors@2.0-service.multihal-mediatek: MEMSIC SetAccData 1.277000 9.294000 -2.209000 ts 522619575716059
11-11 15:18:10.754 773 819 E android.hardware.sensors@2.0-service.multihal-mediatek: MEMSIC SetGyroData -0.034644 -0.161892 0.043400 ts 522619575716059
11-11 15:18:13.892 773 819 E android.hardware.sensors@2.0-service.multihal-mediatek: MEMSIC magcal_gauss = -25.553093 26.026314 18.207115, mag offset = -140.085611 -85.443280 -88.201372 accu 3 ts 522622713754056
11-11 15:18:28.981 773 819 E android.hardware.sensors@2.0-service.multihal-mediatek: MEMSIC magcal_gauss = -28.754802 17.967644 20.099285, mag offset = -140.085611 -85.443280 -88.201372 accu 3 ts 522637803340454
11-11 15:18:35.791 773 819 E android.hardware.sensors@2.0-service.multihal-mediatek: MEMSIC SetAccData 0.731000 8.765000 -3.754000 ts 522644612292042
11-11 15:18:40.041 773 819 E android.hardware.sensors@2.0-service.multihal-mediatek: MEMSIC magcal_gauss = -27.674659 28.549815 9.170989, mag offset = -140.085611 -85.443280 -88.201372 accu 3 ts 522648863754433
11-11 15:18:54.122 773 819 E android.hardware.sensors@2.0-service.multihal-mediatek: MEMSIC magcal_gauss = -27.396367 28.551792 9.176654, mag offset = -140.085611 -85.443280 -88.201372 accu 3 ts 522662943755754
11-11 15:19:06.192 773 819 E android.hardware.sensors@2.0-service.multihal-mediatek: MEMSIC magcal_gauss = -27.196137 29.248387 9.880924, mag offset = -140.085611 -85.443280 -88.201372 accu 3 ts 522675013754963
11-11 15:19:10.841 773 819 E android.hardware.sensors@2.0-service.multihal-mediatek: MEMSIC SetAccData 1.466000 8.834000 -3.754000 ts 522679663333737
11-11 15:19:11.842 773 819 E android.hardware.sensors@2.0-service.multihal-mediatek: MEMSIC SetAccData 1.447000 8.774000 -4.129000 ts 522680664787540
11-11 15:19:11.842 773 819 E android.hardware.sensors@2.0-service.multihal-mediatek: MEMSIC SetGyroData 0.007736 0.031145 0.021043 ts 522680664787540
11-11 15:19:40.885 773 819 E android.hardware.sensors@2.0-service.multihal-mediatek: MEMSIC SetAccData 1.914000 9.576000 -0.761000 ts 522709706896754
11-11 15:19:40.885 773 819 E android.hardware.sensors@2.0-service.multihal-mediatek: MEMSIC SetGyroData -0.350193 0.483883 0.037022 ts 522709706896754
11-11 15:19:54.482 773 819 E android.hardware.sensors@2.0-service.multihal-mediatek: MEMSIC magcal_gauss = -26.462248 28.876438 13.797470, mag offset = -140.085611 -85.443280 -88.201372 accu 3 ts 522723303754257
11-11 15:19:55.907 773 819 E android.hardware.sensors@2.0-service.multihal-mediatek: MEMSIC SetAccData 1.529000 9.454000 -1.754000 ts 522724728672422
11-11 15:20:10.591 773 819 E android.hardware.sensors@2.0-service.multihal-mediatek: MEMSIC magcal_gauss = -33.222352 13.835118 13.584273, mag offset = -140.085611 -85.443280 -88.201372 accu 3 ts 522739413754303
11-11 15:20:11.591 773 819 E android.hardware.sensors@2.0-service.multihal-mediatek: MEMSIC magcal_gauss = -25.253557 -15.712443 -5.510508, mag offset = -140.085611 -85.443280 -88.201372 accu 3 ts 522740413754307
11-11 15:20:12.566 754 4696 E AudioALSAPlaybackHandlerNormal: open_audiodsp_preset() Preset file can't be opened
11-11 15:20:12.566 754 4696 E AudioALSAPlaybackHandlerNormal: open_audiodsp() Could not load the preset file, it might be sktv3 algo, return here.
11-11 15:20:12.566 754 4696 E AudioALSAPlaybackHandlerNormal: open() Could not open audioDSP lib
11-11 15:20:13.932 773 819 E android.hardware.sensors@2.0-service.multihal-mediatek: MEMSIC SetAccData -0.264000 0.033000 -9.308000 ts 522742754742539
11-11 15:20:13.932 773 819 E android.hardware.sensors@2.0-service.multihal-mediatek: MEMSIC SetGyroData 0.112132 0.088670 0.095612 ts 522742754742539
11-11 15:20:18.940 773 819 E android.hardware.sensors@2.0-service.multihal-mediatek: MEMSIC SetAccData -1.133000 -0.299000 -9.854000 ts 522747761975471
11-11 15:20:18.941 773 819 E android.hardware.sensors@2.0-service.multihal-mediatek: MEMSIC SetGyroData -0.000786 0.002383 -0.003458 ts 522747761975471
11-11 15:20:20.632 773 819 E android.hardware.sensors@2.0-service.multihal-mediatek: MEMSIC magcal_gauss = -26.052287 -15.706117 -3.129270, mag offset = -140.085611 -85.443280 -88.201372 accu 3 ts 522749453754879
11-11 15:20:25.652 773 819 E android.hardware.sensors@2.0-service.multihal-mediatek: MEMSIC magcal_gauss = -25.589734 -15.999302 -3.418468, mag offset = -140.085611 -85.443280 -88.201372 accu 3 ts 522754473772767
11-11 15:20:25.950 773 819 E android.hardware.sensors@2.0-service.multihal-mediatek: MEMSIC SetAccData -0.563000 0.138000 -9.588000 ts 522754772081659
11-11 15:20:25.950 773 819 E android.hardware.sensors@2.0-service.multihal-mediatek: MEMSIC SetGyroData 0.004806 0.000244 0.002059 ts 522754772081659
11-11 15:20:34.703 773 819 E android.hardware.sensors@2.0-service.multihal-mediatek: MEMSIC magcal_gauss = -26.057952 -15.707644 -3.426511, mag offset = -140.085611 -85.443280 -88.201372 accu 3 ts 522763523754064
11-11 15:20:35.703 773 819 E android.hardware.sensors@2.0-service.multihal-mediatek: MEMSIC magcal_gauss = -25.859689 -15.603031 -3.124837, mag offset = -140.085611 -85.443280 -88.201372 accu 3 ts 522764523754146
11-11 15:20:38.722 773 819 E android.hardware.sensors@2.0-service.multihal-mediatek: MEMSIC magcal_gauss = -26.053340 -15.310397 -3.321962, mag offset = -140.085611 -85.443280 -88.201372 accu 3 ts 522767543758131
11-11 15:20:42.742 773 819 E android.hardware.sensors@2.0-service.multihal-mediatek: MEMSIC magcal_gauss = -26.060519 -15.799726 -3.529481, mag offset = -140.085611 -85.443280 -88.201372 accu 3 ts 522771563754689
11-11 15:21:20.410 754 4696 E AudioALSAPlaybackHandlerNormal: open_audiodsp_preset() Preset file can't be opened
11-11 15:21:20.410 754 4696 E AudioALSAPlaybackHandlerNormal: open_audiodsp() Could not load the preset file, it might be sktv3 algo, return here.
11-11 15:21:20.410 754 4696 E AudioALSAPlaybackHandlerNormal: open() Could not open audioDSP lib
11-11 15:21:41.335 24264 26235 E bozf : Phenotype API error. Event # dqzf@85754844, EventCode: 7 [CONTEXT service_id=51 ]
11-11 15:22:21.754 834 4110 I mtkpower_client: perf_lock_rel, hdl:189019, tid:4110
11-11 15:22:39.754 834 4345 I mtkpower_client: perf_lock_rel, hdl:189071, tid:4345
11-11 15:26:13.053 754 4696 E AudioALSAPlaybackHandlerNormal: open_audiodsp_preset() Preset file can't be opened
11-11 15:26:13.053 754 4696 E AudioALSAPlaybackHandlerNormal: open_audiodsp() Could not load the preset file, it might be sktv3 algo, return here.
11-11 15:26:13.053 754 4696 E AudioALSAPlaybackHandlerNormal: open() Could not open audioDSP lib
11-11 15:26:20.774 754 4696 E AudioALSAPlaybackHandlerNormal: open_audiodsp_preset() Preset file can't be opened
11-11 15:26:20.774 754 4696 E AudioALSAPlaybackHandlerNormal: open_audiodsp() Could not load the preset file, it might be sktv3 algo, return here.
11-11 15:26:20.774 754 4696 E AudioALSAPlaybackHandlerNormal: open() Could not open audioDSP lib
11-11 15:26:24.754 788 863 I libPowerHal: [perfLockRel] hdl:189426, idx:1
11-11 15:26:24.754 788 863 I libPowerHal: 1155: cpu_ctrl set cpu freq: -1 -1 -1 -1
11-11 15:26:37.059 754 17868 D _V_vafx_muteframedetect: AudioHwOut session 8, curMuteFrame 0 ms, totalMuteFrame 2777898 ms, normalFrame 58915882 ms
11-11 15:26:47.754 788 863 I libPowerHal: [perfLockRel] hdl:189452, idx:0
11-11 15:26:49.052 754 4696 E AudioALSAPlaybackHandlerNormal: open_audiodsp_preset() Preset file can't be opened
11-11 15:26:49.053 754 4696 E AudioALSAPlaybackHandlerNormal: open_audiodsp() Could not load the preset file, it might be sktv3 algo, return here.
11-11 15:26:49.053 754 4696 E AudioALSAPlaybackHandlerNormal: open() Could not open audioDSP lib
11-11 15:27:13.754 744 1018 E netd : QUERY_RESOLV_NETID command.uid:10219, nid:0
11-11 15:49:27.754 1143 28615 I _V_NuPlayerRenderer: onDrainAudioQueue: rendering audio at media time 2443.61 secs
11-11 15:49:28.016 1143 28615 V AudioSink: getPlayedOutDurationUs(2443449550) nowUs(343223966537) frames(107754597) framesAt(343223931884)
11-11 16:05:24.785 754 17868 E AudioALSAPlaybackHandlerNormal: open_audiodsp_preset() Preset file can't be opened
11-11 16:05:24.785 754 17868 E AudioALSAPlaybackHandlerNormal: open_audiodsp() Could not load the preset file, it might be sktv3 algo, return here.
11-11 16:05:24.785 754 17868 E AudioALSAPlaybackHandlerNormal: open() Could not open audioDSP lib
11-11 16:29:45.490 1678 1678 I AnyMotionDetector: Accumulated vector timeMillisSinceBoot=526914313 | x=-0.051000003, y=0.43800002, z=-9.61905, runningSum = timeMillisSinceBoot=526914313 | x=-1.8952502, y=15.754653, z=-346.22336, incrementalEnergy = 2.8912333E-5, energy = 0.0036786017
11-11 16:29:50.265 11043 11113 E SQLiteDatabase: Error inserting transferred=0 media_job_uuid=66a30fdf-20f0-4929-8a05-3ba3a71e44c7 transcoded=0 gif_attribution=0 first_scan_length=9160 direct_path=/v/t62.7118-24/34807073_851600492700913_7587544736047264039_n.enc?ccb=11-4&oh=01_AdRMldEyxtvLRO_6b8M10ALWuCGmHAilonR-VPY0BiCTgw&oe=6395B381 thumbnail_height_width_ratio=1.2537314 is_animated_sticker=0 file_hash=FWIcAgxIMYvymDYcTs8Wxb1JFrRic/RBC99KOlgVSWs= file_path=null file_size=0 partial_media_hash=PwG5zYvaVbhKJMHy8ZWy/rmxRBNladXshfFzP1Tq0rc= face_x=0 face_y=0 height=1000 trim_to=0 media_key_timestamp=1668172123000 message_url=https://mmg.whatsapp.net/d/f/ApPGfH5XqLQwaflT_3Cc6g3kDO4CNtfjKwuTT4ITpl39.enc media_caption=null trim_from=0 mime_type=image/jpeg partial_media_enc_hash=null width=800 original_file_hash=null has_streaming_sidecar=1 autotransfer_retry_enabled=1 message_row_id=44438 multicast_id=null enc_file_hash=MTcRAzn/NPBu36FUW5VzXuQRvs2DT6KIGATNipVmQvw= mute_video=0 page_count=0 first_scan_sidecar=[B@b21ddfb suspicious_content=0 file_length=114700 media_name=null media_duration=0 chat_row_id=34 media_key=[B@a302e18
11-11 16:31:18.349 1143 9228 V AudioSink: getPlayedOutDurationUs(1553459602) nowUs(345734299125) frames(68505744) framesAt(345734257754)
11-11 16:31:19.644 754 17868 D _V_vafx_muteframedetect: AudioHwOut session 8, curMuteFrame 0 ms, totalMuteFrame 2778922 ms, normalFrame 62797354 ms
11-11 16:31:22.652 754 17868 D _V_vafx_muteframedetect: AudioHwOut session 8, curMuteFrame 0 ms, totalMuteFrame 2778922 ms, normalFrame 62800341 ms
11-11 16:31:25.269 1143 9230 D BufferPoolAccessor2.0: bufferpool2 0xeb3c1d68 : 8(524288 size) total buffers - 5(327680 size) used buffers - 59746/59754 (recycle/alloc) - 8/119504 (fetch/transfer)
11-11 16:31:25.660 754 17868 D _V_vafx_muteframedetect: AudioHwOut session 8, curMuteFrame 0 ms, totalMuteFrame 2778922 ms, normalFrame 62803370 ms