11-11 14:31:16.024 1678 1754 D WindowManager: canReceiveKeys:true ,displayContent Display 0 info=DisplayInfo{"Built-in Screen", displayId 0", displayGroupId 0, FLAG_SECURE, FLAG_SUPPORTS_PROTECTED_BUFFERS, FLAG_TRUSTED, real 1080 x 2408, largest app 2342 x 2320, smallest app 1080 x 992, appVsyncOff 2400001, presDeadline 28600000, mode 1, defaultMode 1, modes [{id=1, width=1080, height=2408, fps=60.0, alternativeRefreshRates=[]}], hdrCapabilities HdrCapabilities{mSupportedHdrTypes=[], mMaxLuminance=500.0, mMaxAverageLuminance=500.0, mMinLuminance=0.0}, userDisabledHdrTypes [], minimalPostProcessingSupported false, rotation 0, state ON, type INTERNAL, uniqueId "local:0", app 1080 x 2342, density 440 (400.315 x 401.201) dpi, layerStack 0, colorMode 0, supportedColorModes [0], address {port=0}, deviceProductInfo null, removeMode 0, refreshRateOverride 0.0, brightnessMinimum 0.0, brightnessMaximum 1.0, brightnessDefault 0.4,CurvedDisplayCut [mEnableCurveCut=false,mCurvedDisplayCutPackage=null]} rootTasks=[WindowedMagnification:0:31@179330539, HideDisplayCutout:32:35@181845038, Leaf:36:36@53223081] ,isOnTop :true ,isTrusted: true ,fromUserTouch: false
11-11 14:31:16.024 1678 1754 D WindowManager: canReceiveKeys: false.
11-11 14:31:16.024 1678 1754 D _V_BarAnimController: updateRecentsAnimInputConsumer show=false
11-11 14:31:16.094 1678 1754 D _V_VivoAudioPlaybackPolicy: recordWindowsShownEvent() pid:6064,uid:10285,pkgName:com.twitter.android,shown:true
11-11 14:31:16.094 1678 1754 D _V_VivoAudioPlaybackPolicy: scheduleReportPlaybackEvent() what:5,delay:100
11-11 14:31:16.096 1678 1754 D _V_VivoAudioPlaybackPolicy: recordWindowsShownEvent() pid:6064,uid:10285,pkgName:com.twitter.android,shown:true
11-11 14:31:16.096 1678 1754 D _V_VivoAudioPlaybackPolicy: scheduleReportPlaybackEvent() what:5,delay:100
11-11 14:31:16.097 1678 1754 W _V_ActivityTaskManager: checkKeyguardFlagsChanged dismissKeyguard = false showWhenLocked = false lastDismissKeyguard = false lastShowWhenLocked = false callers = com.android.server.wm.ActivityRecord.removeChild:4506 com.android.server.wm.ActivityRecord.removeChild:424 com.android.server.wm.WindowContainer.removeImmediately:674 com.android.server.wm.WindowState.removeImmediately:2770 com.android.server.wm.WindowState.destroySurface:4034 com.android.server.wm.ActivityRecord.destroySurfaces:5987
11-11 14:31:16.100 1678 1754 D _V_BarAnimController: appTransitionFinished
11-11 14:31:16.101 1678 1754 D WindowManager: -------------updateFocusedWindowLocked begin -------------
11-11 14:31:16.101 1678 1754 D WindowManager: updateFocusedWindowLocked begin: mTopFocusedDisplayId: 0 ,updateInputWindows: false ,focus: Window{a1b50cf u0 com.twitter.android/com.twitter.tweetdetail.TweetDetailActivity}
11-11 14:31:16.101 1678 1754 D WindowManager: updateFocusedWindowLocked: dc id: 0
11-11 14:31:16.101 1678 1754 D WindowManager: canReceiveKeys: false.
11-11 14:31:16.101 1678 1754 D WindowManager: canReceiveKeys: false.
11-11 14:31:16.101 1678 1754 D WindowManager: canReceiveKeys: false.
11-11 14:31:16.101 1678 1754 D WindowManager: canReceiveKeys: false.
11-11 14:31:16.101 1678 1754 D WindowManager: canReceiveKeys: false.
11-11 14:31:16.101 1678 1754 D WindowManager: canReceiveKeys: false.
11-11 14:31:16.101 1678 1754 D WindowManager: canReceiveKeys: false.
11-11 14:31:16.101 1678 1754 D WindowManager: canReceiveKeys: false.
11-11 14:31:16.101 1678 1754 D WindowManager: canReceiveKeys: false.
11-11 14:31:16.101 1678 1754 D WindowManager: canReceiveKeys: false.
11-11 14:31:16.101 1678 1754 D WindowManager: canReceiveKeys: false.
11-11 14:31:16.101 1678 1754 D WindowManager: canReceiveKeys: false.
11-11 14:31:16.101 1678 1754 D WindowManager: canReceiveKeys: false.
11-11 14:31:16.101 1678 1754 D WindowManager: canReceiveKeys: false.
11-11 14:31:16.101 1678 1754 D WindowManager: canReceiveKeys:true ,displayContent Display 0 info=DisplayInfo{"Built-in Screen", displayId 0", displayGroupId 0, FLAG_SECURE, FLAG_SUPPORTS_PROTECTED_BUFFERS, FLAG_TRUSTED, real 1080 x 2408, largest app 2342 x 2320, smallest app 1080 x 992, appVsyncOff 2400001, presDeadline 28600000, mode 1, defaultMode 1, modes [{id=1, width=1080, height=2408, fps=60.0, alternativeRefreshRates=[]}], hdrCapabilities HdrCapabilities{mSupportedHdrTypes=[], mMaxLuminance=500.0, mMaxAverageLuminance=500.0, mMinLuminance=0.0}, userDisabledHdrTypes [], minimalPostProcessingSupported false, rotation 0, state ON, type INTERNAL, uniqueId "local:0", app 1080 x 2342, density 440 (400.315 x 401.201) dpi, layerStack 0, colorMode 0, supportedColorModes [0], address {port=0}, deviceProductInfo null, removeMode 0, refreshRateOverride 0.0, brightnessMinimum 0.0, brightnessMaximum 1.0, brightnessDefault 0.4,CurvedDisplayCut [mEnableCurveCut=false,mCurvedDisplayCutPackage=null]} rootTasks=[WindowedMagnification:0:31@179330539, HideDisplayCutout:32:35@181845038, Leaf:36:36@53223081] ,isOnTop :true ,isTrusted: true ,fromUserTouch: false
11-11 14:31:16.101 1678 1754 D WindowManager: updateFocusedWindowLocked: dc focus: Window{a1b50cf u0 com.twitter.android/com.twitter.tweetdetail.TweetDetailActivity}
11-11 14:31:16.101 1678 1754 D WindowManager: updateFocusedWindowLocked: mTopFocusedDisplayId0 ,topFocusedDisplayId: 0
11-11 14:31:16.101 1678 1754 D WindowManager: -------------updateFocusedWindowLocked end -------------
11-11 14:31:16.102 1678 1754 D _V_WindowManager: Releasing screen wakelock, obscured by null
11-11 14:31:16.102 1678 1754 D _V_VivoPowerManagerService: releaseWakeLockInternal: lock=229962585 [WindowManager], flags=0x0
11-11 14:31:16.102 1678 1754 D _V_VivoPowerManagerService: button light 0 111 trun off
11-11 14:31:16.107 1678 1754 D _V_BarAnimController: notifyAppRemoved ActivityRecord{1f6b26d u0 com.twitter.android/com.twitter.app.gallery.GalleryActivity t5159 d0 f}}
11-11 14:31:16.107 1678 1754 D _V_BarAnimController: notifyAppRemoved ActivityRecord{1f6b26d u0 com.twitter.android/com.twitter.app.gallery.GalleryActivity t5159 d0 f}}
11-11 14:31:16.109 1678 1754 I _V_TaskOrganizerController: onTaskInfoChanged { taskId=5159 ,topActivity=ComponentInfo{com.twitter.android/com.twitter.tweetdetail.TweetDetailActivity} ,resizeMode=2 ,topActivityType=1 ,of windowConfiguration={ mBounds=Rect(0, 0 - 1080, 2408) mAppBounds=Rect(0, 66 - 1080, 2408) mMaxBounds=Rect(0, 0 - 1080, 2408) mWindowingMode=fullscreen mDisplayWindowingMode=fullscreen mActivityType=standard mAlwaysOnTop=undefined mRotation=ROTATION_0} }
11-11 14:31:16.109 1678 1754 D WindowManager: canReceiveKeys: false.
11-11 14:31:16.109 1678 1754 D WindowManager: canReceiveKeys: false.
11-11 14:31:16.110 1678 1754 D WindowManager: canReceiveKeys: false.
11-11 14:31:16.110 1678 1754 D WindowManager: canReceiveKeys: false.
11-11 14:31:16.110 1678 1754 D WindowManager: canReceiveKeys: false.
11-11 14:31:16.110 1678 1754 D WindowManager: canReceiveKeys: false.
11-11 14:31:16.110 1678 1754 D WindowManager: canReceiveKeys:true ,displayContent Display 0 info=DisplayInfo{"Built-in Screen", displayId 0", displayGroupId 0, FLAG_SECURE, FLAG_SUPPORTS_PROTECTED_BUFFERS, FLAG_TRUSTED, real 1080 x 2408, largest app 2342 x 2320, smallest app 1080 x 992, appVsyncOff 2400001, presDeadline 28600000, mode 1, defaultMode 1, modes [{id=1, width=1080, height=2408, fps=60.0, alternativeRefreshRates=[]}], hdrCapabilities HdrCapabilities{mSupportedHdrTypes=[], mMaxLuminance=500.0, mMaxAverageLuminance=500.0, mMinLuminance=0.0}, userDisabledHdrTypes [], minimalPostProcessingSupported false, rotation 0, state ON, type INTERNAL, uniqueId "local:0", app 1080 x 2342, density 440 (400.315 x 401.201) dpi, layerStack 0, colorMode 0, supportedColorModes [0], address {port=0}, deviceProductInfo null, removeMode 0, refreshRateOverride 0.0, brightnessMinimum 0.0, brightnessMaximum 1.0, brightnessDefault 0.4,CurvedDisplayCut [mEnableCurveCut=false,mCurvedDisplayCutPackage=null]} rootTasks=[WindowedMagnification:0:31@179330539, HideDisplayCutout:32:35@181845038, Leaf:36:36@53223081] ,isOnTop :true ,isTrusted: true ,fromUserTouch: false
11-11 14:31:16.110 1678 1754 D WindowManager: canReceiveKeys: false.
11-11 14:31:16.110 1678 1754 D _V_BarAnimController: updateRecentsAnimInputConsumer show=false
11-11 14:31:16.113 1678 1754 D WindowManager: canReceiveKeys: false.
11-11 14:31:16.113 1678 1754 D WindowManager: canReceiveKeys: false.
11-11 14:31:16.113 1678 1754 D WindowManager: canReceiveKeys: false.
11-11 14:31:16.113 1678 1754 D WindowManager: canReceiveKeys: false.
11-11 14:31:16.113 1678 1754 D WindowManager: canReceiveKeys: false.
11-11 14:31:16.113 1678 1754 D WindowManager: canReceiveKeys: false.
11-11 14:31:16.113 1678 1754 D WindowManager: canReceiveKeys:true ,displayContent Display 0 info=DisplayInfo{"Built-in Screen", displayId 0", displayGroupId 0, FLAG_SECURE, FLAG_SUPPORTS_PROTECTED_BUFFERS, FLAG_TRUSTED, real 1080 x 2408, largest app 2342 x 2320, smallest app 1080 x 992, appVsyncOff 2400001, presDeadline 28600000, mode 1, defaultMode 1, modes [{id=1, width=1080, height=2408, fps=60.0, alternativeRefreshRates=[]}], hdrCapabilities HdrCapabilities{mSupportedHdrTypes=[], mMaxLuminance=500.0, mMaxAverageLuminance=500.0, mMinLuminance=0.0}, userDisabledHdrTypes [], minimalPostProcessingSupported false, rotation 0, state ON, type INTERNAL, uniqueId "local:0", app 1080 x 2342, density 440 (400.315 x 401.201) dpi, layerStack 0, colorMode 0, supportedColorModes [0], address {port=0}, deviceProductInfo null, removeMode 0, refreshRateOverride 0.0, brightnessMinimum 0.0, brightnessMaximum 1.0, brightnessDefault 0.4,CurvedDisplayCut [mEnableCurveCut=false,mCurvedDisplayCutPackage=null]} rootTasks=[WindowedMagnification:0:31@179330539, HideDisplayCutout:32:35@181845038, Leaf:36:36@53223081] ,isOnTop :true ,isTrusted: true ,fromUserTouch: false
11-11 14:31:16.114 1678 1754 D WindowManager: canReceiveKeys: false.
11-11 14:31:16.114 1678 1754 D _V_BarAnimController: updateRecentsAnimInputConsumer show=false
11-11 14:31:16.145 754 10742 D AudioALSAHardware: +setParameters(): vafx_stereospkr_set_idx=0
11-11 14:31:16.145 754 10742 D _V_AudioALSAVAFXManagerV2: setSSPIdx: 0
11-11 14:31:16.145 754 10742 D AudioALSAHardware: -setParameters(): vafx_stereospkr_set_idx=0
11-11 14:31:16.145 754 10742 W BTAudioHw: adev_set_parameterserror paremeter : : ParamsMap=[key: 'vafx_stereospkr_set_idx' value: '0'
11-11 14:31:16.145 754 10742 W BTAudioHw: ]
11-11 14:31:16.147 754 10742 I AudioALSAStreamOut: updateSourceMetadata(), do nothing source_metadata = 0xe947bab8
11-11 14:31:16.169 754 10742 D AudioALSAHardware: getParameters(), getCustScene = default
11-11 14:31:16.169 754 10742 D AudioALSAHardware: -getParameters(), return "GetAudioCustomScene=default"
11-11 14:31:46.443 1678 1754 D WindowManager: canReceiveKeys: false.
11-11 14:31:46.443 1678 1754 D WindowManager: canReceiveKeys: false.
11-11 14:31:46.443 1678 1754 D WindowManager: canReceiveKeys: false.
11-11 14:31:46.443 1678 1754 D WindowManager: canReceiveKeys: false.
11-11 14:31:46.443 1678 1754 D WindowManager: canReceiveKeys: false.
11-11 14:31:46.443 1678 1754 D WindowManager: canReceiveKeys: false.
11-11 14:31:46.443 1678 1754 D WindowManager: canReceiveKeys: false.
11-11 14:31:46.444 1678 1754 D WindowManager: canReceiveKeys:true ,displayContent Display 0 info=DisplayInfo{"Built-in Screen", displayId 0", displayGroupId 0, FLAG_SECURE, FLAG_SUPPORTS_PROTECTED_BUFFERS, FLAG_TRUSTED, real 1080 x 2408, largest app 2342 x 2320, smallest app 1080 x 992, appVsyncOff 2400001, presDeadline 28600000, mode 1, defaultMode 1, modes [{id=1, width=1080, height=2408, fps=60.0, alternativeRefreshRates=[]}], hdrCapabilities HdrCapabilities{mSupportedHdrTypes=[], mMaxLuminance=500.0, mMaxAverageLuminance=500.0, mMinLuminance=0.0}, userDisabledHdrTypes [], minimalPostProcessingSupported false, rotation 0, state ON, type INTERNAL, uniqueId "local:0", app 1080 x 2342, density 440 (400.315 x 401.201) dpi, layerStack 0, colorMode 0, supportedColorModes [0], address {port=0}, deviceProductInfo null, removeMode 0, refreshRateOverride 0.0, brightnessMinimum 0.0, brightnessMaximum 1.0, brightnessDefault 0.4,CurvedDisplayCut [mEnableCurveCut=false,mCurvedDisplayCutPackage=null]} rootTasks=[WindowedMagnification:0:31@179330539, HideDisplayCutout:32:35@181845038, Leaf:36:36@53223081] ,isOnTop :true ,isTrusted: true ,fromUserTouch: false
11-11 14:31:46.444 1678 1754 D WindowManager: canReceiveKeys: false.
11-11 14:31:46.444 1678 1754 D _V_BarAnimController: updateRecentsAnimInputConsumer show=false
11-11 14:31:46.980 1678 1754 D WindowManager: canReceiveKeys: false.
11-11 14:31:46.981 1678 1754 D WindowManager: canReceiveKeys: false.
11-11 14:31:46.981 1678 1754 D WindowManager: canReceiveKeys: false.
11-11 14:31:46.981 1678 1754 D WindowManager: canReceiveKeys: false.
11-11 14:31:46.981 1678 1754 D WindowManager: canReceiveKeys: false.
11-11 14:31:46.981 1678 1754 D WindowManager: canReceiveKeys: false.
11-11 14:31:46.981 1678 1754 D WindowManager: canReceiveKeys:true ,displayContent Display 0 info=DisplayInfo{"Built-in Screen", displayId 0", displayGroupId 0, FLAG_SECURE, FLAG_SUPPORTS_PROTECTED_BUFFERS, FLAG_TRUSTED, real 1080 x 2408, largest app 2342 x 2320, smallest app 1080 x 992, appVsyncOff 2400001, presDeadline 28600000, mode 1, defaultMode 1, modes [{id=1, width=1080, height=2408, fps=60.0, alternativeRefreshRates=[]}], hdrCapabilities HdrCapabilities{mSupportedHdrTypes=[], mMaxLuminance=500.0, mMaxAverageLuminance=500.0, mMinLuminance=0.0}, userDisabledHdrTypes [], minimalPostProcessingSupported false, rotation 0, state ON, type INTERNAL, uniqueId "local:0", app 1080 x 2342, density 440 (400.315 x 401.201) dpi, layerStack 0, colorMode 0, supportedColorModes [0], address {port=0}, deviceProductInfo null, removeMode 0, refreshRateOverride 0.0, brightnessMinimum 0.0, brightnessMaximum 1.0, brightnessDefault 0.4,CurvedDisplayCut [mEnableCurveCut=false,mCurvedDisplayCutPackage=null]} rootTasks=[WindowedMagnification:0:31@179330539, HideDisplayCutout:32:35@181845038, Leaf:36:36@53223081] ,isOnTop :true ,isTrusted: true ,fromUserTouch: false
11-11 14:31:46.981 1678 1754 D WindowManager: canReceiveKeys: false.
11-11 14:31:46.981 1678 1754 D _V_BarAnimController: updateRecentsAnimInputConsumer show=false
11-11 14:31:47.482 1678 1754 D WindowManager: canReceiveKeys: false.
11-11 14:31:47.482 1678 1754 D WindowManager: canReceiveKeys: false.
11-11 14:31:47.482 1678 1754 D WindowManager: canReceiveKeys: false.
11-11 14:31:47.482 1678 1754 D WindowManager: canReceiveKeys: false.
11-11 14:31:47.482 1678 1754 D WindowManager: canReceiveKeys: false.
11-11 14:31:47.482 1678 1754 D WindowManager: canReceiveKeys: false.
11-11 14:31:47.483 1678 1754 D WindowManager: canReceiveKeys:true ,displayContent Display 0 info=DisplayInfo{"Built-in Screen", displayId 0", displayGroupId 0, FLAG_SECURE, FLAG_SUPPORTS_PROTECTED_BUFFERS, FLAG_TRUSTED, real 1080 x 2408, largest app 2342 x 2320, smallest app 1080 x 992, appVsyncOff 2400001, presDeadline 28600000, mode 1, defaultMode 1, modes [{id=1, width=1080, height=2408, fps=60.0, alternativeRefreshRates=[]}], hdrCapabilities HdrCapabilities{mSupportedHdrTypes=[], mMaxLuminance=500.0, mMaxAverageLuminance=500.0, mMinLuminance=0.0}, userDisabledHdrTypes [], minimalPostProcessingSupported false, rotation 0, state ON, type INTERNAL, uniqueId "local:0", app 1080 x 2342, density 440 (400.315 x 401.201) dpi, layerStack 0, colorMode 0, supportedColorModes [0], address {port=0}, deviceProductInfo null, removeMode 0, refreshRateOverride 0.0, brightnessMinimum 0.0, brightnessMaximum 1.0, brightnessDefault 0.4,CurvedDisplayCut [mEnableCurveCut=false,mCurvedDisplayCutPackage=null]} rootTasks=[WindowedMagnification:0:31@179330539, HideDisplayCutout:32:35@181845038, Leaf:36:36@53223081] ,isOnTop :true ,isTrusted: true ,fromUserTouch: false
11-11 14:31:47.483 1678 1754 D WindowManager: canReceiveKeys: false.
11-11 14:31:47.483 1678 1754 D _V_BarAnimController: updateRecentsAnimInputConsumer show=false
11-11 14:31:48.720 2863 2863 D TelephonyManager: requestModemActivityInfo: Sending result to app: ModemActivityInfo{ mTimestamp=519837543 mSleepTimeMs=232727409 mIdleTimeMs=55433339 mTxTimeMs[]=[53977, 53598, 617982, 2353934, 22711933] mRxTimeMs=233747195}
11-11 14:33:53.754 788 863 I libPowerHal: [perfLockAcq] idx:0 hdl:184300 hint:1157 pid:834 duration:80 lock_user:vperf@1.0-servi => ret_hdl:184300
11-11 14:35:01.754 834 834 I mtkpower_client: perf_lock_rel, hdl:184374, tid:834
11-11 14:35:01.754 788 863 I libPowerHal: [perfLockRel] hdl:184374, idx:2
11-11 14:35:19.754 788 863 I libPowerHal: 1155: cpu_ctrl set cpu freq: -1 -1 -1 -1
11-11 14:36:18.754 744 1018 E netd : QUERY_RESOLV_NETID command.uid:10285, nid:0
11-11 14:37:50.754 849 11896 D APM_AudioPolicyManager: getNewOutputDevices selected devices {type:0x2,@:}, mPhoneState 0
11-11 14:37:50.754 849 11896 E _V_FeatureManager: erro!!,gFeatureNotifyCallback = NULL
11-11 14:37:50.801 754 17868 E AudioALSAPlaybackHandlerNormal: open_audiodsp_preset() Preset file can't be opened
11-11 14:37:50.801 754 17868 E AudioALSAPlaybackHandlerNormal: open_audiodsp() Could not load the preset file, it might be sktv3 algo, return here.
11-11 14:37:50.801 754 17868 E AudioALSAPlaybackHandlerNormal: open() Could not open audioDSP lib
11-11 14:38:31.709 788 863 I libPowerHal: [perfLockAcq] idx:3 hdl:184754 hint:1173 pid:834 duration:0 lock_user:vperf@1.0-servi => ret_hdl:184754
11-11 14:38:32.248 834 834 I mtkpower_client: perf_lock_rel, hdl:184754, tid:834
11-11 14:38:32.250 788 863 I libPowerHal: [perfLockRel] hdl:184754, idx:3
11-11 14:39:02.455 754 4696 E AudioALSAPlaybackHandlerNormal: open_audiodsp_preset() Preset file can't be opened
11-11 14:39:02.455 754 4696 E AudioALSAPlaybackHandlerNormal: open_audiodsp() Could not load the preset file, it might be sktv3 algo, return here.
11-11 14:39:02.455 754 4696 E AudioALSAPlaybackHandlerNormal: open() Could not open audioDSP lib
11-11 14:39:48.568 754 4696 E AudioALSAPlaybackHandlerNormal: open_audiodsp_preset() Preset file can't be opened
11-11 14:39:48.568 754 4696 E AudioALSAPlaybackHandlerNormal: open_audiodsp() Could not load the preset file, it might be sktv3 algo, return here.
11-11 14:39:48.568 754 4696 E AudioALSAPlaybackHandlerNormal: open() Could not open audioDSP lib
11-11 14:40:20.031 754 4696 E AudioALSAPlaybackHandlerNormal: open_audiodsp_preset() Preset file can't be opened
11-11 14:40:20.031 754 4696 E AudioALSAPlaybackHandlerNormal: open_audiodsp() Could not load the preset file, it might be sktv3 algo, return here.
11-11 14:40:20.031 754 4696 E AudioALSAPlaybackHandlerNormal: open() Could not open audioDSP lib
11-11 14:41:37.783 754 17868 E AudioALSAPlaybackHandlerNormal: open_audiodsp_preset() Preset file can't be opened
11-11 14:41:37.783 754 17868 E AudioALSAPlaybackHandlerNormal: open_audiodsp() Could not load the preset file, it might be sktv3 algo, return here.
11-11 14:41:37.783 754 17868 E AudioALSAPlaybackHandlerNormal: open() Could not open audioDSP lib
11-11 14:42:13.787 834 13754 I mtkpower_client: perf_lock_rel, hdl:185113, tid:13754
11-11 14:42:30.754 788 863 I libPowerHal: [perfLockAcq] idx:3 hdl:185161 hint:1157 pid:834 duration:80 lock_user:vperf@1.0-servi => ret_hdl:185161
11-11 14:42:30.754 788 863 I libPowerHal: 1157: cpu_ctrl set cpu freq: 1000000 -1 1000000 -1
11-11 14:44:24.267 773 819 E android.hardware.sensors@2.0-service.multihal-mediatek: MEMSIC magcal_gauss = -27.764847 24.118299 16.052235, mag offset = -140.085611 -85.443280 -88.201372 accu 3 ts 520593088977549
11-11 14:44:35.902 754 4696 E AudioALSAPlaybackHandlerNormal: open_audiodsp_preset() Preset file can't be opened
11-11 14:44:35.902 754 4696 E AudioALSAPlaybackHandlerNormal: open_audiodsp() Could not load the preset file, it might be sktv3 algo, return here.
11-11 14:44:35.902 754 4696 E AudioALSAPlaybackHandlerNormal: open() Could not open audioDSP lib
11-11 14:45:08.429 754 4696 E AudioALSAPlaybackHandlerNormal: open_audiodsp_preset() Preset file can't be opened
11-11 14:45:08.429 754 4696 E AudioALSAPlaybackHandlerNormal: open_audiodsp() Could not load the preset file, it might be sktv3 algo, return here.
11-11 14:45:08.429 754 4696 E AudioALSAPlaybackHandlerNormal: open() Could not open audioDSP lib
11-11 14:45:12.202 773 819 E android.hardware.sensors@2.0-service.multihal-mediatek: MEMSIC SetAccData 1.646000 9.078000 -2.815000 ts 520641024347754
11-11 14:45:15.656 754 17868 E AudioALSAPlaybackHandlerNormal: open_audiodsp_preset() Preset file can't be opened
11-11 14:45:15.656 754 17868 E AudioALSAPlaybackHandlerNormal: open_audiodsp() Could not load the preset file, it might be sktv3 algo, return here.
11-11 14:45:15.656 754 17868 E AudioALSAPlaybackHandlerNormal: open() Could not open audioDSP lib
11-11 14:45:35.754 788 863 I libPowerHal: 1157: cpu_ctrl set cpu freq: 1000000 -1 1000000 -1
11-11 14:46:00.638 17517 17549 E cr_ModernLinker: blkio cgroup with unexpected name: '/bg'
11-11 14:46:00.661 17517 17549 E cr_ModernLinker: blkio cgroup with unexpected name: '/bg'
11-11 14:46:31.380 754 4696 E AudioALSAPlaybackHandlerNormal: open_audiodsp_preset() Preset file can't be opened
11-11 14:46:31.381 754 4696 E AudioALSAPlaybackHandlerNormal: open_audiodsp() Could not load the preset file, it might be sktv3 algo, return here.
11-11 14:46:31.381 754 4696 E AudioALSAPlaybackHandlerNormal: open() Could not open audioDSP lib
11-11 14:46:31.754 788 863 I libPowerHal: [PE] MTKPOWER_HINT_APP_TOUCH update cmd:3408600 param:1
11-11 14:46:43.446 754 4696 E AudioALSAPlaybackHandlerNormal: open_audiodsp_preset() Preset file can't be opened
11-11 14:46:43.446 754 4696 E AudioALSAPlaybackHandlerNormal: open_audiodsp() Could not load the preset file, it might be sktv3 algo, return here.
11-11 14:46:43.446 754 4696 E AudioALSAPlaybackHandlerNormal: open() Could not open audioDSP lib
11-11 14:47:12.054 788 863 I libPowerHal: [perfLockAcq] idx:0 hdl:185754 hint:25 pid:788 duration:10000 lock_user:mtkpower@1.0-se => ret_hdl:185754
11-11 14:47:19.135 788 863 I libPowerHal: [perfLockRel] hdl:185754, idx:0
11-11 14:47:28.458 754 17868 E AudioALSAPlaybackHandlerNormal: open_audiodsp_preset() Preset file can't be opened
11-11 14:47:28.458 754 17868 E AudioALSAPlaybackHandlerNormal: open_audiodsp() Could not load the preset file, it might be sktv3 algo, return here.
11-11 14:47:28.458 754 17868 E AudioALSAPlaybackHandlerNormal: open() Could not open audioDSP lib
11-11 14:48:46.626 754 4696 E AudioALSAPlaybackHandlerNormal: open_audiodsp_preset() Preset file can't be opened
11-11 14:48:46.626 754 4696 E AudioALSAPlaybackHandlerNormal: open_audiodsp() Could not load the preset file, it might be sktv3 algo, return here.
11-11 14:48:46.626 754 4696 E AudioALSAPlaybackHandlerNormal: open() Could not open audioDSP lib
11-11 14:49:49.152 754 4696 E AudioALSAPlaybackHandlerNormal: open_audiodsp_preset() Preset file can't be opened
11-11 14:49:49.152 754 4696 E AudioALSAPlaybackHandlerNormal: open_audiodsp() Could not load the preset file, it might be sktv3 algo, return here.
11-11 14:49:49.152 754 4696 E AudioALSAPlaybackHandlerNormal: open() Could not open audioDSP lib
11-11 14:50:18.244 754 17868 E AudioALSAPlaybackHandlerNormal: open_audiodsp_preset() Preset file can't be opened
11-11 14:50:18.244 754 17868 E AudioALSAPlaybackHandlerNormal: open_audiodsp() Could not load the preset file, it might be sktv3 algo, return here.
11-11 14:50:18.244 754 17868 E AudioALSAPlaybackHandlerNormal: open() Could not open audioDSP lib
11-11 14:52:08.115 754 4696 E AudioALSAPlaybackHandlerNormal: open_audiodsp_preset() Preset file can't be opened
11-11 14:52:08.116 754 4696 E AudioALSAPlaybackHandlerNormal: open_audiodsp() Could not load the preset file, it might be sktv3 algo, return here.
11-11 14:52:08.116 754 4696 E AudioALSAPlaybackHandlerNormal: open() Could not open audioDSP lib
11-11 14:52:20.651 754 4696 E AudioALSAPlaybackHandlerNormal: open_audiodsp_preset() Preset file can't be opened
11-11 14:52:20.651 754 4696 E AudioALSAPlaybackHandlerNormal: open_audiodsp() Could not load the preset file, it might be sktv3 algo, return here.
11-11 14:52:20.651 754 4696 E AudioALSAPlaybackHandlerNormal: open() Could not open audioDSP lib
11-11 14:52:29.741 18984 19016 E native : E0000 00:00:1668167549.741477 19016 input_actions_processor_jni.cc:124] Fail to process input actions request:No processor registered
11-11 14:52:31.550 754 4696 E AudioALSAPlaybackHandlerNormal: open_audiodsp_preset() Preset file can't be opened
11-11 14:52:31.550 754 4696 E AudioALSAPlaybackHandlerNormal: open_audiodsp() Could not load the preset file, it might be sktv3 algo, return here.
11-11 14:52:31.550 754 4696 E AudioALSAPlaybackHandlerNormal: open() Could not open audioDSP lib
11-11 14:53:39.345 754 4696 E AudioALSAPlaybackHandlerNormal: open_audiodsp_preset() Preset file can't be opened
11-11 14:53:39.346 754 4696 E AudioALSAPlaybackHandlerNormal: open_audiodsp() Could not load the preset file, it might be sktv3 algo, return here.
11-11 14:53:39.346 754 4696 E AudioALSAPlaybackHandlerNormal: open() Could not open audioDSP lib
11-11 14:54:04.541 754 4696 E AudioALSAPlaybackHandlerNormal: open_audiodsp_preset() Preset file can't be opened
11-11 14:54:04.541 754 4696 E AudioALSAPlaybackHandlerNormal: open_audiodsp() Could not load the preset file, it might be sktv3 algo, return here.
11-11 14:54:04.541 754 4696 E AudioALSAPlaybackHandlerNormal: open() Could not open audioDSP lib
11-11 14:54:15.754 858 858 E SurfaceFlinger: Attempt to set frame rate on an unrecognized IGraphicBufferProducer
11-11 14:54:27.700 754 17868 E AudioALSAPlaybackHandlerNormal: open_audiodsp_preset() Preset file can't be opened
11-11 14:54:27.701 754 17868 E AudioALSAPlaybackHandlerNormal: open_audiodsp() Could not load the preset file, it might be sktv3 algo, return here.
11-11 14:54:27.701 754 17868 E AudioALSAPlaybackHandlerNormal: open() Could not open audioDSP lib
11-11 14:54:27.754 6064 6416 E BufferQueueProducer: [SurfaceTexture-0-6064-3](id:17b00000001d,api:3,p:6064,c:6064) waitForFreeSlotThenRelock TIMED_OUT 0
11-11 14:54:27.754 6064 6416 E BufferQueueProducer: BQDUMP- BufferQueue mMaxAcquiredBufferCount=1 mMaxDequeuedBufferCount=26
11-11 14:54:27.754 6064 6416 E BufferQueueProducer: BQDUMP mDequeueBufferCannotBlock=0 mAsyncMode=0
11-11 14:54:27.754 6064 6416 E BufferQueueProducer: BQDUMP mQueueBufferCanDrop=1 mLegacyBufferDrop=1
11-11 14:54:27.754 6064 6416 E BufferQueueProducer: BQDUMP default-size=[347x651] default-format=1 BQDUMP transform-hint=00 frame-counter=350
11-11 14:54:27.754 6064 6416 E BufferQueueProducer: BQDUMP mTransformHintInUse=00 mAutoPrerotation=0
11-11 14:54:27.754 6064 6416 E BufferQueueProducer: BQDUMPFIFO(1):
11-11 14:54:27.754 6064 6416 E BufferQueueProducer: BQDUMP(mConsumerName=SurfaceTexture-0-6064-3, mConnectedApi=3, mConsumerUsageBits=256, mId=17b00000001d, producer=[6064:com.twitter.android], consumer=[6064:com.twitter.android])
11-11 14:54:27.754 6064 6416 E BufferQueueProducer: BQDUMP 15:0xb40000734a086950 crop=[0,0,320,568] xform=0x00 time=339923.7456 scale=SCALE_TO_WINDOW
11-11 14:54:27.754 6064 6416 E BufferQueueProducer: BQDUMPSlots:
11-11 14:54:27.754 6064 6416 E BufferQueueProducer: BQDUMP [00:0xb40000734a0583f0] state=DEQUEUED 0xb40000736a13bb50 frame=328 [ 320x 568: 320,1000]
11-11 14:54:27.754 6064 6416 E BufferQueueProducer: BQDUMP [01:0xb40000734a03c1f0] state=DEQUEUED 0xb40000736a0508d0 frame=330 [ 320x 568: 320,1000]
11-11 14:54:27.754 6064 6416 E BufferQueueProducer: BQDUMP [02:0xb400007349fe8070] state=DEQUEUED 0xb40000736a0555d0 frame=337 [ 320x 568: 320,1000]
11-11 14:54:27.754 6064 6416 E BufferQueueProducer: BQDUMP [03:0xb40000734a097bd0] state=DEQUEUED 0xb40000736a026fd0 frame=327 [ 320x 568: 320,1000]
11-11 14:54:27.754 6064 6416 E BufferQueueProducer: BQDUMP [04
11-11 14:54:41.278 6064 6416 E BufferQueueProducer: BQDUMP default-size=[1080x1918] default-format=1 BQDUMP transform-hint=00 frame-counter=754
11-11 14:54:41.290 6064 6416 E BufferQueueProducer: BQDUMP default-size=[1080x1918] default-format=1 BQDUMP transform-hint=00 frame-counter=754
11-11 14:54:48.416 21725 21754 D _V_NetworkImprove: VCDU time BaseActivity.numActive is 0
11-11 14:54:48.416 21725 21754 D _V_NetworkImprove: VCDU check_time_interval: event ID is 00049|012
11-11 14:54:48.416 21725 21754 D _V_NetworkImprove: VCDU save_flag = true
11-11 14:54:48.417 21725 21754 D _V_NetworkImprove: data is too large ,and jsData = {"eventId":"00049|012","dt":{"cellid":2867201,"pci":72,"tac":101,"earfcn":6200,"band":20,"rsrp":-112,"rsrq":-14,"sinr":0,"plmn":"63907","rat":"LTE2","topapp":"com.twitter.android","appscreen":"com.twitter.app.main.MainActivity","rxkbytes":9521,"txkbytes":1720,"iptype":"tcp_v4","uid":10285,"dnsname":"209.237.204.128","appname":"com.twitter.android","otime":1668167688140,"recoverytype":"0","extype":"2","subtype":"2","moduleid":"600","poi":0,"poi_time":1668167688,"times":1,"cdsFlag":1}}
11-11 14:54:48.420 21725 21754 D _V_NetworkImprove: VCDU saveCloud4DataFromSharedPre!
11-11 14:54:48.421 21725 21754 D _V_NetworkImprove: VCDU data BaseActivity.numActive is 0
11-11 14:54:48.421 21725 21754 D _V_NetworkImprove: VCDU write_flag=false
11-11 14:54:50.754 834 21767 I mtkpower_client: perf_lock_rel, hdl:186690, tid:21767
11-11 14:54:58.754 4706 22226 E MediaMetadataRetrieverJNI: getEmbeddedPicture: Call to getEmbeddedPicture failed.
11-11 14:54:59.000 754 17868 E AudioALSAPlaybackHandlerNormal: open_audiodsp_preset() Preset file can't be opened
11-11 14:54:59.000 754 17868 E AudioALSAPlaybackHandlerNormal: open_audiodsp() Could not load the preset file, it might be sktv3 algo, return here.
11-11 14:54:59.000 754 17868 E AudioALSAPlaybackHandlerNormal: open() Could not open audioDSP lib
11-11 14:55:12.486 788 863 I libPowerHal: [perfLockAcq] idx:0 hdl:186754 hint:1155 pid:834 duration:438 lock_user:vperf@1.0-servi => ret_hdl:186754
11-11 14:55:12.925 788 863 I mtkpower@impl: [powerd_req] TIMER_MSG_PERF_LOCK_TIMEOUT hdl:186754
11-11 14:55:12.925 788 863 I libPowerHal: [perfLockRel] hdl:186754, idx:0
11-11 14:55:12.944 834 22174 I mtkpower_client: perf_lock_rel, hdl:186754, tid:22174
11-11 14:55:12.945 788 863 I libPowerHal: [perfLockRel] hdl:186754, idx:-1
11-11 14:55:18.765 834 834 I mtkpower_client: perf_lock_rel, hdl:186754, tid:834
11-11 14:55:18.768 788 863 I libPowerHal: [perfLockRel] hdl:186754, idx:-1
11-11 14:55:36.754 788 863 I libPowerHal: [perfLockRel] hdl:186818, idx:3
11-11 14:56:11.134 754 4696 E AudioALSAPlaybackHandlerNormal: open_audiodsp_preset() Preset file can't be opened
11-11 14:56:11.134 754 4696 E AudioALSAPlaybackHandlerNormal: open_audiodsp() Could not load the preset file, it might be sktv3 algo, return here.
11-11 14:56:11.134 754 4696 E AudioALSAPlaybackHandlerNormal: open() Could not open audioDSP lib
11-11 14:56:26.633 754 4696 E AudioALSAPlaybackHandlerNormal: open_audiodsp_preset() Preset file can't be opened
11-11 14:56:26.633 754 4696 E AudioALSAPlaybackHandlerNormal: open_audiodsp() Could not load the preset file, it might be sktv3 algo, return here.
11-11 14:56:26.633 754 4696 E AudioALSAPlaybackHandlerNormal: open() Could not open audioDSP lib
11-11 14:56:34.487 834 23754 I mtkpower_client: perf_lock_rel, hdl:186892, tid:23754
11-11 14:56:59.214 754 4696 E AudioALSAPlaybackHandlerNormal: open_audiodsp_preset() Preset file can't be opened
11-11 14:56:59.214 754 4696 E AudioALSAPlaybackHandlerNormal: open_audiodsp() Could not load the preset file, it might be sktv3 algo, return here.
11-11 14:56:59.214 754 4696 E AudioALSAPlaybackHandlerNormal: open() Could not open audioDSP lib
11-11 14:57:12.727 754 4696 E AudioALSAPlaybackHandlerNormal: open_audiodsp_preset() Preset file can't be opened
11-11 14:57:12.727 754 4696 E AudioALSAPlaybackHandlerNormal: open_audiodsp() Could not load the preset file, it might be sktv3 algo, return here.
11-11 14:57:12.727 754 4696 E AudioALSAPlaybackHandlerNormal: open() Could not open audioDSP lib
11-11 14:57:26.606 754 4696 E AudioALSAPlaybackHandlerNormal: open_audiodsp_preset() Preset file can't be opened
11-11 14:57:26.606 754 4696 E AudioALSAPlaybackHandlerNormal: open_audiodsp() Could not load the preset file, it might be sktv3 algo, return here.
11-11 14:57:26.606 754 4696 E AudioALSAPlaybackHandlerNormal: open() Could not open audioDSP lib
11-11 14:58:20.465 754 17868 E AudioALSAPlaybackHandlerNormal: open_audiodsp_preset() Preset file can't be opened
11-11 14:58:20.466 754 17868 E AudioALSAPlaybackHandlerNormal: open_audiodsp() Could not load the preset file, it might be sktv3 algo, return here.
11-11 14:58:20.466 754 17868 E AudioALSAPlaybackHandlerNormal: open() Could not open audioDSP lib
11-11 14:58:25.062 754 17868 E AudioALSAPlaybackHandlerNormal: open_audiodsp_preset() Preset file can't be opened
11-11 14:58:25.062 754 17868 E AudioALSAPlaybackHandlerNormal: open_audiodsp() Could not load the preset file, it might be sktv3 algo, return here.
11-11 14:58:25.062 754 17868 E AudioALSAPlaybackHandlerNormal: open() Could not open audioDSP lib
11-11 14:58:27.977 754 17868 E AudioALSAPlaybackHandlerNormal: open_audiodsp_preset() Preset file can't be opened
11-11 14:58:27.977 754 17868 E AudioALSAPlaybackHandlerNormal: open_audiodsp() Could not load the preset file, it might be sktv3 algo, return here.
11-11 14:58:27.977 754 17868 E AudioALSAPlaybackHandlerNormal: open() Could not open audioDSP lib
11-11 14:58:31.285 22245 24335 E BufferQueueProducer: BQDUMP 06:0x734a054a90 crop=[0,0,576,1024] xform=0x00 time=340167.2754 scale=SCALE_TO_WINDOW
11-11 14:58:31.388 22245 24335 E BufferQueueProducer: BQDUMP 14:0x734a069f70 crop=[0,0,576,1024] xform=0x00 time=340167.3754 scale=SCALE_TO_WINDOW
11-11 14:58:37.473 754 17868 E AudioALSAPlaybackHandlerNormal: open_audiodsp_preset() Preset file can't be opened
11-11 14:58:37.473 754 17868 E AudioALSAPlaybackHandlerNormal: open_audiodsp() Could not load the preset file, it might be sktv3 algo, return here.
11-11 14:58:37.473 754 17868 E AudioALSAPlaybackHandlerNormal: open() Could not open audioDSP lib
11-11 14:58:44.425 754 17868 E AudioALSAPlaybackHandlerNormal: open_audiodsp_preset() Preset file can't be opened
11-11 14:58:44.425 754 17868 E AudioALSAPlaybackHandlerNormal: open_audiodsp() Could not load the preset file, it might be sktv3 algo, return here.
11-11 14:58:44.425 754 17868 E AudioALSAPlaybackHandlerNormal: open() Could not open audioDSP lib
11-11 14:58:56.313 22245 24335 E BufferQueueProducer: BQDUMP >[00:0x734a0608b0] state=ACQUIRED 0x736a0ee7d0 frame=754 [ 576x1024: 576,1000]
11-11 14:58:56.313 22245 24335 E BufferQueueProducer: BQDUMP >[00:0x734a0608b0] state=ACQUIRED 0x736a0ee7d0 frame=754 [ 576x1024: 576,1000]
11-11 14:58:56.345 22245 24335 E BufferQueueProducer: BQDUMP [00:0x734a0608b0] state=DEQUEUED 0x736a0ee7d0 frame=754 [ 576x1024: 576,1000]
11-11 14:58:56.345 22245 24335 E BufferQueueProducer: BQDUMP [00:0x734a0608b0] state=DEQUEUED 0x736a0ee7d0 frame=754 [ 576x1024: 576,1000]
11-11 14:58:56.420 22245 24335 E BufferQueueProducer: BQDUMP [00:0x734a0608b0] state=DEQUEUED 0x736a0ee7d0 frame=754 [ 576x1024: 576,1000]
11-11 14:58:56.420 22245 24335 E BufferQueueProducer: BQDUMP [00:0x734a0608b0] state=DEQUEUED 0x736a0ee7d0 frame=754 [ 576x1024: 576,1000]
11-11 14:58:56.453 22245 24335 E BufferQueueProducer: BQDUMP [00:0x734a0608b0] state=DEQUEUED 0x736a0ee7d0 frame=754 [ 576x1024: 576,1000]
11-11 14:58:56.453 22245 24335 E BufferQueueProducer: BQDUMP [00:0x734a0608b0] state=DEQUEUED 0x736a0ee7d0 frame=754 [ 576x1024: 576,1000]
11-11 14:58:56.475 22245 24335 E BufferQueueProducer: BQDUMP [00:0x734a0608b0] state=DEQUEUED 0x736a0ee7d0 frame=754 [ 576x1024: 576,1000]
11-11 14:58:56.475 22245 24335 E BufferQueueProducer: BQDUMP [00:0x734a0608b0] state=DEQUEUED 0x736a0ee7d0 frame=754 [ 576x1024: 576,1000]
11-11 14:58:56.486 22245 24335 E BufferQueueProducer: BQDUMP [00:0x734a0608b0] state=DEQUEUED 0x736a0ee7d0 frame=754 [ 576x1024: 576,1000]
11-11 14:58:56.486 22245 24335 E BufferQueueProducer: BQDUMP [00:0x734a0608b0] state=DEQUEUED 0x736a0ee7d0 frame=754 [ 576x1024: 576,1000]
11-11 14:58:56.519 22245 24335 E BufferQueueProducer: BQDUMP [00:0x734a0608b0] state=DEQUEUED 0x736a0ee7d0 frame=754 [ 576x1024: 576,1000]
11-11 14:58:56.520 22245 24335 E BufferQueueProducer: BQDUMP [00:0x734a0608b0] state=DEQUEUED 0x736a0ee7d0 frame=754 [ 576x1024: 576,1000]
11-11 14:58:56.553 22245 24335 E BufferQueueProducer: BQDUMP [00:0x734a0608b0] state=DEQUEUED 0x736a0ee7d0 frame=754 [ 576x1024: 576,1000]
11-11 14:58:56.553 22245 24335 E BufferQueueProducer: BQDUMP [00:0x734a0608b0] state=DEQUEUED 0x736a0ee7d0 frame=754 [ 576x1024: 576,1000]
11-11 14:58:56.576 22245 24335 E BufferQueueProducer: BQDUMP [00:0x734a0608b0] state=DEQUEUED 0x736a0ee7d0 frame=754 [ 576x1024: 576,1000]
11-11 14:58:57.076 22245 24335 E BufferQueueProducer: BQDUMP [00:0x734a0608b0] state=DEQUEUED 0x736a0ee7d0 frame=754 [ 576x1024: 576,1000]
11-11 14:58:57.076 22245 24335 E BufferQueueProducer: BQDUMP [00:0x734a0608b0] state=DEQUEUED 0x736a0ee7d0 frame=754 [ 576x1024: 576,1000]
11-11 14:58:57.087 22245 24335 E BufferQueueProducer: BQDUMP [00:0x734a0608b0] state=DEQUEUED 0x736a0ee7d0 frame=754 [ 576x1024: 576,1000]
11-11 14:58:57.087 22245 24335 E BufferQueueProducer: BQDUMP [00:0x734a0608b0] state=DEQUEUED 0x736a0ee7d0 frame=754 [ 576x1024: 576,1000]
11-11 14:58:57.153 22245 24335 E BufferQueueProducer: BQDUMP [00:0x734a0608b0] state=DEQUEUED 0x736a0ee7d0 frame=754 [ 576x1024: 576,1000]
11-11 14:58:57.153 22245 24335 E BufferQueueProducer: BQDUMP [00:0x734a0608b0] state=DEQUEUED 0x736a0ee7d0 frame=754 [ 576x1024: 576,1000]
11-11 14:59:01.840 754 17868 E AudioALSAPlaybackHandlerNormal: open_audiodsp_preset() Preset file can't be opened
11-11 14:59:01.840 754 17868 E AudioALSAPlaybackHandlerNormal: open_audiodsp() Could not load the preset file, it might be sktv3 algo, return here.
11-11 14:59:01.840 754 17868 E AudioALSAPlaybackHandlerNormal: open() Could not open audioDSP lib
11-11 14:59:33.754 788 863 I libPowerHal: [PD] MTKPOWER_HINT_APP_TOUCH update cmd:3408600 param:0
11-11 14:59:54.754 788 863 I libPowerHal: 1159: cpu_ctrl set cpu freq: 1000000 -1 1000000 -1
11-11 14:59:54.754 858 858 E ClientCache: failed to get buffer, could not retrieve buffer
11-11 15:00:07.754 10464 10464 E HHSJH : 初始化PlayerService监听
11-11 15:00:07.821 849 1192 D APM_AudioPolicyManager: [MTK_APM_Output]releaseOutput() 21 portId 3754
11-11 15:00:10.178 754 4696 E AudioALSAPlaybackHandlerNormal: open_audiodsp_preset() Preset file can't be opened
11-11 15:00:10.178 754 4696 E AudioALSAPlaybackHandlerNormal: open_audiodsp() Could not load the preset file, it might be sktv3 algo, return here.
11-11 15:00:10.178 754 4696 E AudioALSAPlaybackHandlerNormal: open() Could not open audioDSP lib
11-11 15:01:09.503 754 4696 E AudioALSAPlaybackHandlerNormal: open_audiodsp_preset() Preset file can't be opened
11-11 15:01:09.503 754 4696 E AudioALSAPlaybackHandlerNormal: open_audiodsp() Could not load the preset file, it might be sktv3 algo, return here.
11-11 15:01:09.503 754 4696 E AudioALSAPlaybackHandlerNormal: open() Could not open audioDSP lib
11-11 15:01:12.113 754 4696 E AudioALSAPlaybackHandlerNormal: open_audiodsp_preset() Preset file can't be opened
11-11 15:01:12.113 754 4696 E AudioALSAPlaybackHandlerNormal: open_audiodsp() Could not load the preset file, it might be sktv3 algo, return here.
11-11 15:01:12.113 754 4696 E AudioALSAPlaybackHandlerNormal: open() Could not open audioDSP lib
11-11 15:03:06.577 754 17868 E AudioALSAPlaybackHandlerNormal: open_audiodsp_preset() Preset file can't be opened
11-11 15:03:06.577 754 17868 E AudioALSAPlaybackHandlerNormal: open_audiodsp() Could not load the preset file, it might be sktv3 algo, return here.
11-11 15:03:06.577 754 17868 E AudioALSAPlaybackHandlerNormal: open() Could not open audioDSP lib
11-11 15:04:15.949 834 26754 I mtkpower_client: perf_lock_rel, hdl:187488, tid:26754
11-11 15:04:37.265 788 863 I libPowerHal: [perfLockAcq] idx:3 hdl:187540 hint:1173 pid:834 duration:0 lock_user:vperf@1.0-servi => ret_hdl:187540
11-11 15:04:37.524 788 863 I libPowerHal: [perfLockAcq] idx:1 hdl:187541 hint:1155 pid:834 duration:318 lock_user:vperf@1.0-servi => ret_hdl:187541
11-11 15:04:37.526 788 863 I libPowerHal: [perfLockAcq] idx:2 hdl:187542 hint:1157 pid:834 duration:80 lock_user:vperf@1.0-servi => ret_hdl:187542
11-11 15:04:37.528 834 834 I mtkpower_client: perf_lock_rel, hdl:187540, tid:834
11-11 15:04:37.529 788 863 I libPowerHal: [perfLockRel] hdl:187540, idx:3
11-11 15:04:37.606 788 863 I mtkpower@impl: [powerd_req] TIMER_MSG_PERF_LOCK_TIMEOUT hdl:187542
11-11 15:04:37.606 788 863 I libPowerHal: [perfLockRel] hdl:187542, idx:2
11-11 15:04:37.626 834 26864 I mtkpower_client: perf_lock_rel, hdl:187542, tid:26864
11-11 15:04:37.627 788 863 I libPowerHal: [perfLockRel] hdl:187542, idx:-1
11-11 15:04:37.727 788 863 I libPowerHal: [perfLockAcq] idx:2 hdl:187543 hint:25 pid:788 duration:10000 lock_user:mtkpower@1.0-se => ret_hdl:187543
11-11 15:04:37.728 834 834 I mtkpower_client: perf_lock_rel, hdl:187541, tid:834
11-11 15:04:37.730 788 863 I libPowerHal: [perfLockRel] hdl:187541, idx:1
11-11 15:04:37.836 788 863 I libPowerHal: [perfLockRel] hdl:187543, idx:2
11-11 15:04:37.854 788 863 I libPowerHal: [perfLockAcq] idx:1 hdl:187544 hint:1150 pid:834 duration:2000 lock_user:vperf@1.0-servi => ret_hdl:187544
11-11 15:04:37.860 788 863 I libPowerHal: [perfLockAcq] idx:2 hdl:187545 hint:11 pid:788 duration:30000 lock_user:mtkpower@1.0-se => ret_hdl:187545
11-11 15:04:38.035 834 834 I mtkpower_client: perf_lock_rel, hdl:187544, tid:834
11-11 15:04:38.036 788 863 I libPowerHal: [perfLockAcq] idx:3 hdl:187546 hint:1159 pid:834 duration:150 lock_user:vperf@1.0-servi => ret_hdl:187546
11-11 15:04:38.036 788 863 I libPowerHal: [perfLockRel] hdl:187544, idx:1
11-11 15:04:38.186 788 863 I mtkpower@impl: [powerd_req] TIMER_MSG_PERF_LOCK_TIMEOUT hdl:187546
11-11 15:04:38.186 788 863 I libPowerHal: [perfLockRel] hdl:187546, idx:3
11-11 15:04:38.206 834 26872 I mtkpower_client: perf_lock_rel, hdl:187546, tid:26872
11-11 15:04:38.206 788 863 I libPowerHal: [perfLockRel] hdl:187546, idx:-1
11-11 15:04:38.255 1221 1313 I mtkpower_client: ret_hdl:187547
11-11 15:04:38.256 788 863 I libPowerHal: [perfLockAcq] idx:1 hdl:187547 hint:-1 pid:1221 duration:0 lock_user:vpud => ret_hdl:187547
11-11 15:04:38.305 1221 1313 I mtkpower_client: perf_lock_rel, hdl:187547, tid:1313
11-11 15:04:38.305 788 863 I libPowerHal: [perfLockRel] hdl:187547, idx:1
11-11 15:04:40.681 788 863 I libPowerHal: [perfLockAcq] idx:1 hdl:187548 hint:25 pid:788 duration:10000 lock_user:mtkpower@1.0-se => ret_hdl:187548
11-11 15:04:41.536 788 863 I libPowerHal: [perfLockRel] hdl:187545, idx:2
11-11 15:04:42.316 788 863 I libPowerHal: [perfLockRel] hdl:187548, idx:1
11-11 15:04:43.273 788 863 I libPowerHal: [perfLockAcq] idx:1 hdl:187549 hint:25 pid:788 duration:10000 lock_user:mtkpower@1.0-se => ret_hdl:187549
11-11 15:04:43.424 788 863 I libPowerHal: [perfLockRel] hdl:187549, idx:1
11-11 15:05:18.989 754 17868 E AudioALSAPlaybackHandlerNormal: open_audiodsp_preset() Preset file can't be opened
11-11 15:05:18.990 754 17868 E AudioALSAPlaybackHandlerNormal: open_audiodsp() Could not load the preset file, it might be sktv3 algo, return here.
11-11 15:05:18.990 754 17868 E AudioALSAPlaybackHandlerNormal: open() Could not open audioDSP lib
11-11 15:05:27.376 22245 24335 E BufferQueueProducer: BQDUMP [00:0x734a07d170] state=DEQUEUED 0x736a0754d0 frame=0 [ 352x 640: 352,1000]
11-11 15:05:27.377 22245 24335 E BufferQueueProducer: BQDUMP [00:0x734a07d170] state=DEQUEUED 0x736a0754d0 frame=0 [ 352x 640: 352,1000]
11-11 15:05:27.389 22245 24335 E BufferQueueProducer: BQDUMP [00:0x734a07d170] state=DEQUEUED 0x736a0754d0 frame=0 [ 352x 640: 352,1000]
11-11 15:05:27.389 22245 24335 E BufferQueueProducer: BQDUMP [00:0x734a07d170] state=DEQUEUED 0x736a0754d0 frame=0 [ 352x 640: 352,1000]
11-11 15:05:27.401 22245 24335 E BufferQueueProducer: BQDUMP [00:0x734a07d170] state=DEQUEUED 0x736a0754d0 frame=0 [ 352x 640: 352,1000]
11-11 15:05:27.401 22245 24335 E BufferQueueProducer: BQDUMP [00:0x734a07d170] state=DEQUEUED 0x736a0754d0 frame=0 [ 352x 640: 352,1000]
11-11 15:05:27.414 22245 24335 E BufferQueueProducer: BQDUMP [00:0x734a07d170] state=DEQUEUED 0x736a0754d0 frame=0 [ 352x 640: 352,1000]
11-11 15:05:27.414 22245 24335 E BufferQueueProducer: BQDUMP [00:0x734a07d170] state=DEQUEUED 0x736a0754d0 frame=0 [ 352x 640: 352,1000]
11-11 15:05:27.426 22245 24335 E BufferQueueProducer: BQDUMP [00:0x734a07d170] state=DEQUEUED 0x736a0754d0 frame=0 [ 352x 640: 352,1000]
11-11 15:05:27.426 22245 24335 E BufferQueueProducer: BQDUMP [00:0x734a07d170] state=DEQUEUED 0x736a0754d0 frame=0 [ 352x 640: 352,1000]
11-11 15:05:27.437 22245 24335 E BufferQueueProducer: BQDUMP [00:0x734a07d170] state=DEQUEUED 0x736a0754d0 frame=0 [ 352x 640: 352,1000]
11-11 15:05:27.438 22245 24335 E BufferQueueProducer: BQDUMP [00:0x734a07d170] state=DEQUEUED 0x736a0754d0 frame=0 [ 352x 640: 352,1000]
11-11 15:05:27.451 22245 24335 E BufferQueueProducer: BQDUMP [00:0x734a07d170] state=DEQUEUED 0x736a0754d0 frame=0 [ 352x 640: 352,1000]
11-11 15:05:27.451 22245 24335 E BufferQueueProducer: BQDUMP [00:0x734a07d170] state=DEQUEUED 0x736a0754d0 frame=0 [ 352x 640: 352,1000]
11-11 15:05:27.466 22245 24335 E BufferQueueProducer: BQDUMP [00:0x734a07d170] state=DEQUEUED 0x736a0754d0 frame=0 [ 352x 640: 352,1000]
11-11 15:05:27.467 22245 24335 E BufferQueueProducer: BQDUMP [00:0x734a07d170] state=DEQUEUED 0x736a0754d0 frame=0 [ 352x 640: 352,1000]
11-11 15:05:27.481 22245 24335 E BufferQueueProducer: BQDUMP [00:0x734a07d170] state=DEQUEUED 0x736a0754d0 frame=0 [ 352x 640: 352,1000]
11-11 15:05:27.481 22245 24335 E BufferQueueProducer: BQDUMP [00:0x734a07d170] state=DEQUEUED 0x736a0754d0 frame=0 [ 352x 640: 352,1000]
11-11 15:05:27.748 22245 24335 E BufferQueueProducer: BQDUMP >[00:0x734a07d170] state=ACQUIRED 0x736a0754d0 frame=1 [ 352x 640: 352,1000]
11-11 15:05:27.748 22245 24335 E BufferQueueProducer: BQDUMP >[00:0x734a07d170] state=ACQUIRED 0x736a0754d0 frame=1 [ 352x 640: 352,1000]
11-11 15:05:27.759 22245 24335 E BufferQueueProducer: BQDUMP >[00:0x734a07d170] state=ACQUIRED 0x736a0754d0 frame=1 [ 352x 640: 352,1000]
11-11 15:05:27.759 22245 24335 E BufferQueueProducer: BQDUMP >[00:0x734a07d170] state=ACQUIRED 0x736a0754d0 frame=1 [ 352x 640: 352,1000]
11-11 15:05:27.782 22245 24335 E BufferQueueProducer: BQDUMP [00:0x734a07d170] state=DEQUEUED 0x736a0754d0 frame=1 [ 352x 640: 352,1000]
11-11 15:05:27.782 22245 24335 E BufferQueueProducer: BQDUMP [00:0x734a07d170] state=DEQUEUED 0x736a0754d0 frame=1 [ 352x 640: 352,1000]
11-11 15:05:27.794 22245 24335 E BufferQueueProducer: BQDUMP [00:0x734a07d170] state=DEQUEUED 0x736a0754d0 frame=1 [ 352x 640: 352,1000]
11-11 15:05:27.794 22245 24335 E BufferQueueProducer: BQDUMP [00:0x734a07d170] state=DEQUEUED 0x736a0754d0 frame=1 [ 352x 640: 352,1000]
11-11 15:05:27.805 22245 24335 E BufferQueueProducer: BQDUMP [00:0x734a07d170] state=DEQUEUED 0x736a0754d0 frame=1 [ 352x 640: 352,1000]
11-11 15:05:27.805 22245 24335 E BufferQueueProducer: BQDUMP [00:0x734a07d170] state=DEQUEUED 0x736a0754d0 frame=1 [ 352x 640: 352,1000]
11-11 15:05:27.817 22245 24335 E BufferQueueProducer: BQDUMP [00:0x734a07d170] state=DEQUEUED 0x736a0754d0 frame=1 [ 352x 640: 352,1000]
11-11 15:05:27.817 22245 24335 E BufferQueueProducer: BQDUMP [00:0x734a07d170] state=DEQUEUED 0x736a0754d0 frame=1 [ 352x 640: 352,1000]
11-11 15:05:27.828 22245 24335 E BufferQueueProducer: BQDUMP [00:0x734a07d170] state=DEQUEUED 0x736a0754d0 frame=1 [ 352x 640: 352,1000]
11-11 15:05:27.828 22245 24335 E BufferQueueProducer: BQDUMP [00:0x734a07d170] state=DEQUEUED 0x736a0754d0 frame=1 [ 352x 640: 352,1000]
11-11 15:05:28.012 22245 24335 E BufferQueueProducer: BQDUMP [00:0x734a07d170] state=DEQUEUED 0x736a0754d0 frame=1 [ 352x 640: 352,1000]
11-11 15:05:28.012 22245 24335 E BufferQueueProducer: BQDUMP [00:0x734a07d170] state=DEQUEUED 0x736a0754d0 frame=1 [ 352x 640: 352,1000]
11-11 15:05:28.044 22245 24335 E BufferQueueProducer: BQDUMP [00:0x734a07d170] state=DEQUEUED 0x736a0754d0 frame=1 [ 352x 640: 352,1000]
11-11 15:05:28.044 22245 24335 E BufferQueueProducer: BQDUMP [00:0x734a07d170] state=DEQUEUED 0x736a0754d0 frame=1 [ 352x 640: 352,1000]
11-11 15:05:28.141 22245 24335 E BufferQueueProducer: BQDUMP [00:0x734a07d170] state=DEQUEUED 0x736a0754d0 frame=1 [ 352x 640: 352,1000]
11-11 15:05:28.141 22245 24335 E BufferQueueProducer: BQDUMP [00:0x734a07d170] state=DEQUEUED 0x736a0754d0 frame=1 [ 352x 640: 352,1000]
11-11 15:05:28.186 22245 24335 E BufferQueueProducer: BQDUMP [00:0x734a07d170] state=DEQUEUED 0x736a0754d0 frame=1 [ 352x 640: 352,1000]
11-11 15:05:28.186 22245 24335 E BufferQueueProducer: BQDUMP [00:0x734a07d170] state=DEQUEUED 0x736a0754d0 frame=1 [ 352x 640: 352,1000]
11-11 15:05:28.252 22245 24335 E BufferQueueProducer: BQDUMP [00:0x734a07d170] state=DEQUEUED 0x736a0754d0 frame=1 [ 352x 640: 352,1000]
11-11 15:05:28.252 22245 24335 E BufferQueueProducer: BQDUMP [00:0x734a07d170] state=DEQUEUED 0x736a0754d0 frame=1 [ 352x 640: 352,1000]
11-11 15:05:28.274 22245 24335 E BufferQueueProducer: BQDUMP [00:0x734a07d170] state=DEQUEUED 0x736a0754d0 frame=1 [ 352x 640: 352,1000]
11-11 15:05:28.275 22245 24335 E BufferQueueProducer: BQDUMP [00:0x734a07d170] state=DEQUEUED 0x736a0754d0 frame=1 [ 352x 640: 352,1000]
11-11 15:05:28.318 22245 24335 E BufferQueueProducer: BQDUMP [00:0x734a07d170] state=DEQUEUED 0x736a0754d0 frame=1 [ 352x 640: 352,1000]
11-11 15:05:28.318 22245 24335 E BufferQueueProducer: BQDUMP [00:0x734a07d170] state=DEQUEUED 0x736a0754d0 frame=1 [ 352x 640: 352,1000]
11-11 15:05:28.351 22245 24335 E BufferQueueProducer: BQDUMP [00:0x734a07d170] state=DEQUEUED 0x736a0754d0 frame=1 [ 352x 640: 352,1000]
